CRAN Package Check Results for Package MNP

Last updated on 2019-03-26 21:48:46 CET.

Flavor Version Tinstall Tcheck Ttotal Status Flags
r-devel-linux-x86_64-debian-clang 3.1-0 5.00 46.14 51.14 OK
r-devel-linux-x86_64-debian-gcc 3.1-0 3.70 37.00 40.70 OK
r-devel-linux-x86_64-fedora-clang 3.1-0 64.82 OK
r-devel-linux-x86_64-fedora-gcc 3.1-0 68.43 OK
r-devel-windows-ix86+x86_64 3.1-0 23.00 115.00 138.00 OK
r-patched-linux-x86_64 3.1-0 3.80 44.34 48.14 OK
r-patched-solaris-x86 3.1-0 99.50 OK
r-release-linux-x86_64 3.1-0 3.66 44.77 48.43 OK
r-release-windows-ix86+x86_64 3.1-0 23.00 94.00 117.00 OK
r-release-osx-x86_64 3.1-0 OK
r-oldrel-windows-ix86+x86_64 3.1-0 11.00 88.00 99.00 OK
r-oldrel-osx-x86_64 3.1-0 WARN

Check Details

Version: 3.1-0
Check: re-building of vignette outputs
Result: WARN
    Error in re-building vignettes:
     ...
    Error in texi2dvi(file = file, pdf = TRUE, clean = clean, quiet = quiet, :
     Running 'texi2dvi' on 'MNP.tex' failed.
    LaTeX errors:
    ! LaTeX Error: File `titlesec.sty' not found.
    
    Type X to quit or <RETURN> to proceed,
    or enter new name. (Default extension: sty)
    
    ! Emergency stop.
    <read *>
    
    l.29 ^^M
    
    ! ==> Fatal error occurred, no output PDF file produced!
    Calls: buildVignettes -> texi2pdf -> texi2dvi
    Execution halted
Flavor: r-oldrel-osx-x86_64