CRAN Package Check Results for Package MOCCA

Last updated on 2020-10-01 03:48:43 CEST.

Flavor Version Tinstall Tcheck Ttotal Status Flags
r-devel-linux-x86_64-debian-clang 1.4 2.77 42.48 45.25 OK
r-devel-linux-x86_64-debian-gcc 1.4 0.28 1.85 2.13 ERROR
r-devel-linux-x86_64-fedora-clang 1.4 60.26 OK
r-devel-linux-x86_64-fedora-gcc 1.4 51.33 OK
r-devel-windows-ix86+x86_64 1.4 6.00 64.00 70.00 OK
r-patched-linux-x86_64 1.4 2.69 40.59 43.28 OK
r-patched-solaris-x86 1.4 75.50 OK
r-release-linux-x86_64 1.4 2.72 39.25 41.97 OK
r-release-macos-x86_64 1.4 OK
r-release-windows-ix86+x86_64 1.4 27.00 60.00 87.00 OK
r-oldrel-macos-x86_64 1.4 OK
r-oldrel-windows-ix86+x86_64 1.4 5.00 63.00 68.00 OK

Check Details

Version: 1.4
Check: whether package can be installed
Result: ERROR
    Installation failed.
Flavor: r-devel-linux-x86_64-debian-gcc