CRAN Package Check Results for Package MPAgenomics

Last updated on 2021-08-03 05:52:53 CEST.

Flavor Version Tinstall Tcheck Ttotal Status Flags
r-devel-linux-x86_64-debian-clang 1.2.3 12.57 110.36 122.93 OK
r-devel-linux-x86_64-debian-gcc 1.2.3 10.19 85.37 95.56 OK
r-devel-linux-x86_64-fedora-clang 1.2.3 157.83 NOTE
r-devel-linux-x86_64-fedora-gcc 1.2.3 146.77 NOTE
r-devel-windows-x86_64 1.2.3 13.00 133.00 146.00 OK
r-devel-windows-x86_64-gcc10-UCRT 1.2.3 OK
r-patched-linux-x86_64 1.2.3 14.04 107.05 121.09 OK
r-patched-solaris-x86 1.2.3 197.40 NOTE
r-release-linux-x86_64 1.2.3 13.09 107.18 120.27 OK
r-release-macos-arm64 1.2.3 NOTE
r-release-macos-x86_64 1.2.3 OK
r-release-windows-ix86+x86_64 1.2.3 27.00 98.00 125.00 OK
r-oldrel-macos-x86_64 1.2.3 OK
r-oldrel-windows-ix86+x86_64 1.2.3 21.00 133.00 154.00 OK

Check Details

Version: 1.2.3
Check: package dependencies
Result: NOTE
    Package suggested but not available for checking: ‘CGHcall’
Flavors: r-devel-linux-x86_64-fedora-clang, r-devel-linux-x86_64-fedora-gcc, r-patched-solaris-x86

Version: 1.2.3
Check: package dependencies
Result: NOTE
    Packages suggested but not available for checking:
     'CGHcall', 'aroma.affymetrix', 'aroma.cn', 'aroma.core',
     'aroma.light'
Flavor: r-release-macos-arm64