CRAN Package Check Results for Package MPDiR

Last updated on 2021-05-14 11:50:51 CEST.

Flavor Version Tinstall Tcheck Ttotal Status Flags
r-devel-linux-x86_64-debian-clang 0.1-19 2.53 25.73 28.26 OK
r-devel-linux-x86_64-debian-gcc 0.1-19 1.96 20.53 22.49 OK
r-devel-linux-x86_64-fedora-clang 0.1-19 44.67 NOTE
r-devel-linux-x86_64-fedora-gcc 0.1-19 32.93 OK
r-devel-windows-ix86+x86_64 0.1-19 6.00 43.00 49.00 OK
r-devel-windows-x86_64-gcc10-UCRT 0.1-19 OK
r-patched-linux-x86_64 0.1-19 2.42 25.00 27.42 OK
r-patched-solaris-x86 0.1-19 49.70 OK
r-release-linux-x86_64 0.1-19 2.35 25.17 27.52 OK
r-release-macos-x86_64 0.1-19 OK
r-release-windows-ix86+x86_64 0.1-19 5.00 41.00 46.00 OK
r-oldrel-macos-x86_64 0.1-19 NOTE
r-oldrel-windows-ix86+x86_64 0.1-19 5.00 33.00 38.00 NOTE

Check Details

Version: 0.1-19
Check: Rd cross-references
Result: NOTE
    Undeclared package ‘lme4’ in Rd xrefs
Flavor: r-devel-linux-x86_64-fedora-clang

Version: 0.1-19
Check: R code for possible problems
Result: NOTE
    plot.binom.diag: no visible global function definition for ‘plot’
    Undefined global functions or variables:
     plot
    Consider adding
     importFrom("graphics", "plot")
    to your NAMESPACE file.
Flavors: r-oldrel-macos-x86_64, r-oldrel-windows-ix86+x86_64