CRAN Package Check Results for Package MPDiR

Last updated on 2024-04-24 00:55:49 CEST.

Flavor Version Tinstall Tcheck Ttotal Status Flags
r-devel-linux-x86_64-debian-clang 0.2 1.99 27.58 29.57 NOTE
r-devel-linux-x86_64-debian-gcc 0.2 1.83 20.91 22.74 NOTE
r-devel-linux-x86_64-fedora-clang 0.2 38.09 NOTE
r-devel-linux-x86_64-fedora-gcc 0.2 35.89 NOTE
r-prerel-macos-arm64 0.2 16.00 NOTE
r-prerel-windows-x86_64 0.2 3.00 46.00 49.00 NOTE
r-patched-linux-x86_64 0.2 2.44 26.97 29.41 NOTE
r-release-linux-x86_64 0.2 1.96 27.06 29.02 OK
r-release-macos-arm64 0.2 18.00 OK
r-release-macos-x86_64 0.2 33.00 OK
r-release-windows-x86_64 0.2 4.00 47.00 51.00 OK
r-oldrel-macos-arm64 0.2 20.00 OK
r-oldrel-windows-x86_64 0.2 4.00 52.00 56.00 OK

Check Details

Version: 0.2
Check: Rd files
Result: NOTE checkRd: (-1) thresh.est.Rd:16: Lost braces 16 | Calculates the stimulus level(s) for a probit model of a psychometric function for given levels of performance. For a more general version, see \link[MASS]{dose.p} in pkg{MASS}. | ^ Flavors: r-devel-linux-x86_64-debian-clang, r-devel-linux-x86_64-debian-gcc, r-devel-linux-x86_64-fedora-clang, r-devel-linux-x86_64-fedora-gcc, r-prerel-macos-arm64, r-prerel-windows-x86_64, r-patched-linux-x86_64

Version: 0.2
Check: Rd cross-references
Result: NOTE Undeclared package ‘lme4’ in Rd xrefs Flavor: r-devel-linux-x86_64-fedora-clang