CRAN Package Check Results for Package MPDiR

Last updated on 2022-10-02 20:52:49 CEST.

Flavor Version Tinstall Tcheck Ttotal Status Flags
r-devel-linux-x86_64-debian-clang 0.1-20 2.54 29.33 31.87 NOTE
r-devel-linux-x86_64-debian-gcc 0.1-20 1.97 22.59 24.56 NOTE
r-devel-linux-x86_64-fedora-clang 0.1-20 49.51 NOTE
r-devel-linux-x86_64-fedora-gcc 0.1-20 47.18 NOTE
r-devel-windows-x86_64 0.1-20 17.00 59.00 76.00 NOTE
r-patched-linux-x86_64 0.1-20 2.77 27.25 30.02 OK
r-release-linux-x86_64 0.1-20 2.33 26.22 28.55 OK
r-release-macos-arm64 0.1-20 16.00 OK
r-release-macos-x86_64 0.1-20 23.00 OK
r-release-windows-x86_64 0.1-20 21.00 58.00 79.00 OK
r-oldrel-macos-arm64 0.1-20 17.00 OK
r-oldrel-macos-x86_64 0.1-20 27.00 OK
r-oldrel-windows-ix86+x86_64 0.1-20 6.00 50.00 56.00 OK

Check Details

Version: 0.1-20
Check: Rd files
Result: NOTE
    checkRd: (-1) Context.Rd:27: Escaped LaTeX specials: \&
    checkRd: (-1) binom.diagnostics.Rd:48: Escaped LaTeX specials: \&
    checkRd: (-1) psyfun.boot.Rd:23: Escaped LaTeX specials: \&
    checkRd: (-1) psyfun.boot.Rd:28: Escaped LaTeX specials: \&
Flavors: r-devel-linux-x86_64-debian-clang, r-devel-linux-x86_64-debian-gcc, r-devel-linux-x86_64-fedora-clang, r-devel-linux-x86_64-fedora-gcc, r-devel-windows-x86_64

Version: 0.1-20
Check: Rd cross-references
Result: NOTE
    Undeclared package ‘lme4’ in Rd xrefs
Flavor: r-devel-linux-x86_64-fedora-clang