CRAN Package Check Results for Package MPTinR

Last updated on 2019-05-23 14:49:12 CEST.

Flavor Version Tinstall Tcheck Ttotal Status Flags
r-devel-linux-x86_64-debian-clang 1.11.0 49.14 175.07 224.21 OK
r-devel-linux-x86_64-debian-gcc 1.11.0 43.46 135.03 178.49 OK
r-devel-linux-x86_64-fedora-clang 1.11.0 280.98 NOTE
r-devel-linux-x86_64-fedora-gcc 1.11.0 264.49 OK
r-devel-windows-ix86+x86_64 1.11.0 78.00 201.00 279.00 OK
r-patched-linux-x86_64 1.11.0 51.86 169.83 221.69 OK
r-patched-solaris-x86 1.11.0 308.20 OK
r-release-linux-x86_64 1.11.0 47.32 169.63 216.95 OK
r-release-windows-ix86+x86_64 1.11.0 109.00 267.00 376.00 OK
r-release-osx-x86_64 1.11.0 NOTE
r-oldrel-windows-ix86+x86_64 1.11.0 79.00 191.00 270.00 OK
r-oldrel-osx-x86_64 1.11.0 NOTE

Check Details

Version: 1.11.0
Check: installed package size
Result: NOTE
     installed size is 9.8Mb
     sub-directories of 1Mb or more:
     libs 8.8Mb
Flavors: r-devel-linux-x86_64-fedora-clang, r-release-osx-x86_64, r-oldrel-osx-x86_64