CRAN Package Check Results for Package MPTmultiverse

Last updated on 2022-11-27 11:55:54 CET.

Flavor Version Tinstall Tcheck Ttotal Status Flags
r-devel-linux-x86_64-debian-clang 0.4-2 8.42 100.92 109.34 NOTE
r-devel-linux-x86_64-debian-gcc 0.4-2 6.52 73.89 80.41 NOTE
r-devel-linux-x86_64-fedora-clang 0.4-2 137.96 NOTE
r-devel-linux-x86_64-fedora-gcc 0.4-2 143.46 NOTE
r-devel-windows-x86_64 0.4-2 41.00 163.00 204.00 NOTE
r-patched-linux-x86_64 0.4-2 7.03 92.24 99.27 NOTE
r-release-linux-x86_64 0.4-2 8.35 94.73 103.08 NOTE
r-release-macos-arm64 0.4-2 55.00 NOTE
r-release-macos-x86_64 0.4-2 63.00 NOTE
r-release-windows-x86_64 0.4-2 34.00 159.00 193.00 NOTE
r-oldrel-macos-arm64 0.4-2 41.00 NOTE
r-oldrel-macos-x86_64 0.4-2 70.00 NOTE
r-oldrel-windows-ix86+x86_64 0.4-2 26.00 157.00 183.00 NOTE

Check Details

Version: 0.4-2
Check: LazyData
Result: NOTE
     'LazyData' is specified without a 'data' directory
Flavors: r-devel-linux-x86_64-debian-clang, r-devel-linux-x86_64-debian-gcc, r-devel-linux-x86_64-fedora-clang, r-devel-linux-x86_64-fedora-gcc, r-devel-windows-x86_64, r-patched-linux-x86_64, r-release-linux-x86_64, r-release-macos-arm64, r-release-macos-x86_64, r-release-windows-x86_64, r-oldrel-macos-arm64, r-oldrel-macos-x86_64, r-oldrel-windows-ix86+x86_64