CRAN Package Check Results for Package MPTmultiverse

Last updated on 2021-07-27 18:51:25 CEST.

Flavor Version Tinstall Tcheck Ttotal Status Flags
r-devel-linux-x86_64-debian-clang 0.4-2 7.92 73.90 81.82 NOTE
r-devel-linux-x86_64-debian-gcc 0.4-2 5.53 56.07 61.60 NOTE
r-devel-linux-x86_64-fedora-clang 0.4-2 103.61 NOTE
r-devel-linux-x86_64-fedora-gcc 0.4-2 93.59 NOTE
r-devel-windows-x86_64 0.4-2 11.00 128.00 139.00 NOTE
r-devel-windows-x86_64-gcc10-UCRT 0.4-2 NOTE
r-patched-linux-x86_64 0.4-2 7.10 69.13 76.23 NOTE
r-patched-solaris-x86 0.4-2 154.40 NOTE
r-release-linux-x86_64 0.4-2 6.05 69.25 75.30 NOTE
r-release-macos-arm64 0.4-2 ERROR
r-release-macos-x86_64 0.4-2 NOTE
r-release-windows-ix86+x86_64 0.4-2 13.00 124.00 137.00 NOTE
r-oldrel-macos-x86_64 0.4-2 OK
r-oldrel-windows-ix86+x86_64 0.4-2 10.00 121.00 131.00 OK

Check Details

Version: 0.4-2
Check: LazyData
Result: NOTE
     'LazyData' is specified without a 'data' directory
Flavors: r-devel-linux-x86_64-debian-clang, r-devel-linux-x86_64-debian-gcc, r-devel-linux-x86_64-fedora-clang, r-devel-linux-x86_64-fedora-gcc, r-devel-windows-x86_64, r-devel-windows-x86_64-gcc10-UCRT, r-patched-linux-x86_64, r-patched-solaris-x86, r-release-linux-x86_64, r-release-macos-x86_64, r-release-windows-ix86+x86_64

Version: 0.4-2
Check: package dependencies
Result: ERROR
    Packages required but not available: 'TreeBUGS', 'runjags'
    
    See section ‘The DESCRIPTION file’ in the ‘Writing R Extensions’
    manual.
Flavor: r-release-macos-arm64