CRAN Package Check Results for Package MPTmultiverse

Last updated on 2021-04-22 03:49:49 CEST.

Flavor Version Tinstall Tcheck Ttotal Status Flags
r-devel-linux-x86_64-debian-clang 0.4-2 8.01 72.24 80.25 NOTE
r-devel-linux-x86_64-debian-gcc 0.4-2 5.17 55.45 60.62 NOTE
r-devel-linux-x86_64-fedora-clang 0.4-2 102.51 NOTE
r-devel-linux-x86_64-fedora-gcc 0.4-2 93.53 NOTE
r-devel-windows-ix86+x86_64 0.4-2 14.00 120.00 134.00 NOTE
r-devel-windows-x86_64-gcc10-UCRT 0.4-2 NOTE
r-patched-linux-x86_64 0.4-2 6.50 67.33 73.83 OK
r-patched-solaris-x86 0.4-2 155.90 OK
r-release-linux-x86_64 0.4-2 5.72 68.39 74.11 OK
r-release-macos-x86_64 0.4-2 OK
r-release-windows-ix86+x86_64 0.4-2 13.00 123.00 136.00 OK
r-oldrel-macos-x86_64 0.4-2 OK
r-oldrel-windows-ix86+x86_64 0.4-2 20.00 119.00 139.00 OK

Check Details

Version: 0.4-2
Check: LazyData
Result: NOTE
     'LazyData' is specified without a 'data' directory
Flavors: r-devel-linux-x86_64-debian-clang, r-devel-linux-x86_64-debian-gcc, r-devel-linux-x86_64-fedora-clang, r-devel-linux-x86_64-fedora-gcc, r-devel-windows-ix86+x86_64, r-devel-windows-x86_64-gcc10-UCRT