Last updated on 2023-09-27 19:05:16 CEST.
Flavor | Version | Tinstall | Tcheck | Ttotal | Status | Flags |
---|---|---|---|---|---|---|
r-devel-linux-x86_64-debian-clang | 0.4-2 | 7.27 | 95.67 | 102.94 | NOTE | |
r-devel-linux-x86_64-debian-gcc | 0.4-2 | 5.66 | 71.07 | 76.73 | NOTE | |
r-devel-linux-x86_64-fedora-clang | 0.4-2 | 122.13 | NOTE | |||
r-devel-linux-x86_64-fedora-gcc | 0.4-2 | 146.02 | NOTE | |||
r-devel-windows-x86_64 | 0.4-2 | 10.00 | 110.00 | 120.00 | NOTE | |
r-patched-linux-x86_64 | 0.4-2 | 5.03 | 89.05 | 94.08 | NOTE | |
r-release-linux-x86_64 | 0.4-2 | 5.06 | 89.10 | 94.16 | NOTE | |
r-release-macos-arm64 | 0.4-2 | 57.00 | NOTE | |||
r-release-macos-x86_64 | 0.4-2 | 84.00 | NOTE | |||
r-release-windows-x86_64 | 0.4-2 | 11.00 | 134.00 | 145.00 | NOTE | |
r-oldrel-macos-arm64 | 0.4-2 | 55.00 | NOTE | |||
r-oldrel-macos-x86_64 | 0.4-2 | 63.00 | NOTE | |||
r-oldrel-windows-x86_64 | 0.4-2 | 10.00 | 130.00 | 140.00 | NOTE |
Version: 0.4-2
Check: LazyData
Result: NOTE
'LazyData' is specified without a 'data' directory
Flavors: r-devel-linux-x86_64-debian-clang, r-devel-linux-x86_64-debian-gcc, r-devel-linux-x86_64-fedora-clang, r-devel-linux-x86_64-fedora-gcc, r-devel-windows-x86_64, r-patched-linux-x86_64, r-release-linux-x86_64, r-release-macos-arm64, r-release-macos-x86_64, r-release-windows-x86_64, r-oldrel-macos-arm64, r-oldrel-macos-x86_64, r-oldrel-windows-x86_64