CRAN Package Check Results for Package MPTmultiverse

Last updated on 2022-06-28 00:51:19 CEST.

Flavor Version Tinstall Tcheck Ttotal Status Flags
r-devel-linux-x86_64-debian-clang 0.4-2 8.22 87.94 96.16 NOTE
r-devel-linux-x86_64-debian-gcc 0.4-2 5.61 65.68 71.29 NOTE
r-devel-linux-x86_64-fedora-clang 0.4-2 128.94 NOTE
r-devel-linux-x86_64-fedora-gcc 0.4-2 119.62 NOTE
r-devel-windows-x86_64 0.4-2 33.00 144.00 177.00 NOTE
r-patched-linux-x86_64 0.4-2 8.34 82.67 91.01 NOTE
r-release-linux-x86_64 0.4-2 7.69 83.25 90.94 NOTE
r-release-macos-arm64 0.4-2 55.00 NOTE
r-release-macos-x86_64 0.4-2 63.00 NOTE
r-release-windows-x86_64 0.4-2 55.00 140.00 195.00 NOTE
r-oldrel-macos-arm64 0.4-2 41.00 NOTE
r-oldrel-macos-x86_64 0.4-2 70.00 NOTE
r-oldrel-windows-ix86+x86_64 0.4-2 16.00 137.00 153.00 NOTE

Check Details

Version: 0.4-2
Check: LazyData
Result: NOTE
     'LazyData' is specified without a 'data' directory
Flavors: r-devel-linux-x86_64-debian-clang, r-devel-linux-x86_64-debian-gcc, r-devel-linux-x86_64-fedora-clang, r-devel-linux-x86_64-fedora-gcc, r-devel-windows-x86_64, r-patched-linux-x86_64, r-release-linux-x86_64, r-release-macos-arm64, r-release-macos-x86_64, r-release-windows-x86_64, r-oldrel-macos-arm64, r-oldrel-macos-x86_64, r-oldrel-windows-ix86+x86_64