CRAN Package Check Results for Package MRPC

Last updated on 2021-10-22 05:59:52 CEST.

Flavor Version Tinstall Tcheck Ttotal Status Flags
r-devel-linux-x86_64-debian-clang 2.3.1 37.15 318.68 355.83 OK
r-devel-linux-x86_64-debian-gcc 2.3.1 31.97 238.84 270.81 OK
r-devel-linux-x86_64-fedora-clang 2.3.1 471.40 OK
r-devel-linux-x86_64-fedora-gcc 2.3.1 450.05 OK
r-devel-windows-x86_64 2.3.1 60.00 379.00 439.00 OK
r-devel-windows-x86_64-gcc10-UCRT 2.3.1 ERROR
r-patched-linux-x86_64 2.3.1 41.36 292.46 333.82 OK
r-patched-solaris-x86 2.3.1 591.20 OK
r-release-linux-x86_64 2.3.1 34.99 291.93 326.92 OK
r-release-macos-arm64 2.3.1 OK
r-release-macos-x86_64 2.3.1 ERROR
r-release-windows-ix86+x86_64 2.3.1 90.00 351.00 441.00 OK
r-oldrel-macos-x86_64 2.3.1 OK
r-oldrel-windows-ix86+x86_64 2.3.1 79.00 298.00 377.00 OK

Check Details

Version: 2.3.1
Check: package dependencies
Result: ERROR
    Package required but not available: 'pcalg'
    
    See section 'The DESCRIPTION file' in the 'Writing R Extensions'
    manual.
Flavor: r-devel-windows-x86_64-gcc10-UCRT

Version: 2.3.1
Check: package dependencies
Result: ERROR
    Package required but not available: ‘WGCNA’
    
    See section ‘The DESCRIPTION file’ in the ‘Writing R Extensions’
    manual.
Flavor: r-release-macos-x86_64