CRAN Package Check Results for Package MRsurv

Last updated on 2021-10-28 12:59:23 CEST.

Flavor Version Tinstall Tcheck Ttotal Status Flags
r-devel-linux-x86_64-debian-clang 0.2 6.45 55.16 61.61 NOTE
r-devel-linux-x86_64-debian-gcc 0.2 5.33 44.45 49.78 NOTE
r-devel-linux-x86_64-fedora-clang 0.2 84.91 NOTE
r-devel-linux-x86_64-fedora-gcc 0.2 74.93 NOTE
r-devel-windows-x86_64 0.2 10.00 77.00 87.00 NOTE
r-devel-windows-x86_64-gcc10-UCRT 0.2 NOTE
r-patched-linux-x86_64 0.2 7.10 53.76 60.86 NOTE
r-patched-solaris-x86 0.2 112.60 NOTE
r-release-linux-x86_64 0.2 6.57 53.77 60.34 NOTE
r-release-macos-arm64 0.2 NOTE
r-release-macos-x86_64 0.2 NOTE
r-release-windows-ix86+x86_64 0.2 11.00 73.00 84.00 NOTE
r-oldrel-macos-x86_64 0.2 NOTE
r-oldrel-windows-ix86+x86_64 0.2 12.00 75.00 87.00 NOTE

Check Details

Version: 0.2
Check: DESCRIPTION meta-information
Result: NOTE
    Malformed Title field: should not end in a period.
Flavors: r-devel-linux-x86_64-debian-clang, r-devel-linux-x86_64-debian-gcc, r-devel-linux-x86_64-fedora-clang, r-devel-linux-x86_64-fedora-gcc, r-devel-windows-x86_64, r-devel-windows-x86_64-gcc10-UCRT, r-patched-linux-x86_64, r-patched-solaris-x86, r-release-linux-x86_64, r-release-macos-arm64, r-release-macos-x86_64, r-release-windows-ix86+x86_64, r-oldrel-macos-x86_64, r-oldrel-windows-ix86+x86_64

Version: 0.2
Check: dependencies in R code
Result: NOTE
    Packages in Depends field not imported from:
     'mvtnorm' 'survival'
     These packages need to be imported from (in the NAMESPACE file)
     for when this namespace is loaded but not attached.
Flavors: r-devel-linux-x86_64-debian-clang, r-devel-linux-x86_64-debian-gcc, r-devel-linux-x86_64-fedora-clang, r-devel-linux-x86_64-fedora-gcc, r-devel-windows-x86_64, r-devel-windows-x86_64-gcc10-UCRT, r-patched-linux-x86_64, r-patched-solaris-x86, r-release-linux-x86_64, r-release-macos-arm64, r-release-macos-x86_64, r-release-windows-ix86+x86_64, r-oldrel-macos-x86_64, r-oldrel-windows-ix86+x86_64

Version: 0.2
Check: R code for possible problems
Result: NOTE
    MRsurvival: no visible global function definition for 'rmvnorm'
    MRsurvival: no visible global function definition for 'optim'
    MRsurvival : <anonymous>: no visible global function definition for
     'quantile'
    Undefined global functions or variables:
     optim quantile rmvnorm
    Consider adding
     importFrom("stats", "optim", "quantile")
    to your NAMESPACE file.
Flavors: r-devel-linux-x86_64-debian-clang, r-devel-linux-x86_64-debian-gcc, r-devel-linux-x86_64-fedora-clang, r-devel-linux-x86_64-fedora-gcc, r-devel-windows-x86_64, r-devel-windows-x86_64-gcc10-UCRT, r-patched-linux-x86_64, r-patched-solaris-x86, r-release-linux-x86_64, r-release-macos-arm64, r-release-macos-x86_64, r-release-windows-ix86+x86_64, r-oldrel-macos-x86_64, r-oldrel-windows-ix86+x86_64