CRAN Package Check Results for Package MSEtool

Last updated on 2021-05-17 21:49:43 CEST.

Flavor Version Tinstall Tcheck Ttotal Status Flags
r-devel-linux-x86_64-debian-clang 3.0.2 119.22 221.78 341.00 OK
r-devel-linux-x86_64-debian-gcc 3.0.2 86.23 162.25 248.48 OK
r-devel-linux-x86_64-fedora-clang 3.0.2 425.69 NOTE
r-devel-linux-x86_64-fedora-gcc 3.0.2 422.49 OK
r-devel-windows-ix86+x86_64 3.0.2 246.00 291.00 537.00 NOTE
r-devel-windows-x86_64-gcc10-UCRT 3.0.2 OK
r-patched-linux-x86_64 3.0.2 96.94 209.05 305.99 OK
r-patched-solaris-x86 3.0.2 417.60 NOTE
r-release-linux-x86_64 3.0.2 98.51 194.71 293.22 OK
r-release-macos-x86_64 3.0.2 NOTE
r-release-windows-ix86+x86_64 3.0.2 174.00 200.00 374.00 NOTE
r-oldrel-macos-x86_64 3.0.2 NOTE
r-oldrel-windows-ix86+x86_64 3.0.2 152.00 246.00 398.00 NOTE

Check Details

Version: 3.0.2
Check: installed package size
Result: NOTE
     installed size is 9.0Mb
     sub-directories of 1Mb or more:
     R 1.5Mb
     data 3.9Mb
     libs 2.8Mb
Flavors: r-devel-linux-x86_64-fedora-clang, r-devel-windows-ix86+x86_64, r-patched-solaris-x86, r-release-macos-x86_64, r-release-windows-ix86+x86_64, r-oldrel-macos-x86_64, r-oldrel-windows-ix86+x86_64