CRAN Package Check Results for Package MSEtool

Last updated on 2020-02-19 05:47:19 CET.

Flavor Version Tinstall Tcheck Ttotal Status Flags
r-devel-linux-x86_64-debian-clang 1.4.3 174.99 252.96 427.95 OK
r-devel-linux-x86_64-debian-gcc 1.4.3 166.20 187.26 353.46 OK
r-devel-linux-x86_64-fedora-clang 1.4.3 529.03 WARN
r-devel-linux-x86_64-fedora-gcc 1.4.3 583.77 OK
r-devel-windows-ix86+x86_64 1.4.3 245.00 290.00 535.00 NOTE
r-devel-windows-ix86+x86_64-gcc8 1.4.3 354.00 422.00 776.00 NOTE
r-patched-linux-x86_64 1.4.3 169.90 216.78 386.68 OK
r-patched-solaris-x86 1.4.3 520.10 OK
r-release-linux-x86_64 1.4.3 160.20 213.90 374.10 OK
r-release-windows-ix86+x86_64 1.4.3 229.00 257.00 486.00 NOTE
r-release-osx-x86_64 1.4.3 NOTE
r-oldrel-windows-ix86+x86_64 1.4.3 233.00 258.00 491.00 NOTE
r-oldrel-osx-x86_64 1.4.3 NOTE

Check Details

Version: 1.4.3
Check: package dependencies
Result: WARN
    Requires orphaned package: ‘gplots’
Flavor: r-devel-linux-x86_64-fedora-clang

Version: 1.4.3
Check: installed package size
Result: NOTE
     installed size is 27.6Mb
     sub-directories of 1Mb or more:
     R 1.4Mb
     doc 1.1Mb
     libs 24.7Mb
Flavors: r-devel-linux-x86_64-fedora-clang, r-devel-windows-ix86+x86_64, r-devel-windows-ix86+x86_64-gcc8, r-release-windows-ix86+x86_64, r-release-osx-x86_64, r-oldrel-windows-ix86+x86_64, r-oldrel-osx-x86_64