CRAN Package Check Results for Package MSEtool

Last updated on 2019-09-23 09:50:51 CEST.

Flavor Version Tinstall Tcheck Ttotal Status Flags
r-devel-linux-x86_64-debian-clang 1.2.1 173.16 206.56 379.72 OK
r-devel-linux-x86_64-debian-gcc 1.2.1 178.06 157.66 335.72 OK
r-devel-linux-x86_64-fedora-clang 1.2.1 499.01 NOTE
r-devel-linux-x86_64-fedora-gcc 1.2.1 530.99 OK
r-devel-windows-ix86+x86_64 1.2.1 285.00 377.00 662.00 NOTE
r-patched-linux-x86_64 1.2.1 176.23 202.81 379.04 OK
r-patched-solaris-x86 1.2.1 541.40 OK
r-release-linux-x86_64 1.2.1 171.78 201.39 373.17 OK
r-release-windows-ix86+x86_64 1.2.1 362.00 357.00 719.00 NOTE
r-release-osx-x86_64 1.2.1 NOTE
r-oldrel-windows-ix86+x86_64 1.2.1 239.00 235.00 474.00 NOTE
r-oldrel-osx-x86_64 1.2.1 NOTE

Check Details

Version: 1.2.1
Check: installed package size
Result: NOTE
     installed size is 26.1Mb
     sub-directories of 1Mb or more:
     R 1.3Mb
     libs 23.4Mb
Flavors: r-devel-linux-x86_64-fedora-clang, r-devel-windows-ix86+x86_64, r-release-windows-ix86+x86_64, r-release-osx-x86_64, r-oldrel-windows-ix86+x86_64, r-oldrel-osx-x86_64