CRAN Package Check Results for Package MSEtool

Last updated on 2019-07-16 07:50:55 CEST.

Flavor Version Tinstall Tcheck Ttotal Status Flags
r-devel-linux-x86_64-debian-clang 1.2.0 163.69 222.44 386.13 OK
r-devel-linux-x86_64-debian-gcc 1.2.0 163.81 170.33 334.14 OK
r-devel-linux-x86_64-fedora-clang 1.2.0 528.31 NOTE
r-devel-linux-x86_64-fedora-gcc 1.2.0 544.32 OK
r-devel-windows-ix86+x86_64 1.2.0 362.00 445.00 807.00 NOTE
r-patched-linux-x86_64 1.2.0 180.28 222.03 402.31 OK
r-patched-solaris-x86 1.2.0 22.50 ERROR
r-release-linux-x86_64 1.2.0 177.48 219.73 397.21 OK
r-release-windows-ix86+x86_64 1.2.0 271.00 401.00 672.00 NOTE
r-release-osx-x86_64 1.2.0 NOTE
r-oldrel-windows-ix86+x86_64 1.2.0 328.00 365.00 693.00 NOTE
r-oldrel-osx-x86_64 1.2.0 NOTE

Check Details

Version: 1.2.0
Check: installed package size
Result: NOTE
     installed size is 23.9Mb
     sub-directories of 1Mb or more:
     R 1.3Mb
     libs 21.2Mb
Flavors: r-devel-linux-x86_64-fedora-clang, r-devel-windows-ix86+x86_64, r-release-windows-ix86+x86_64, r-release-osx-x86_64, r-oldrel-windows-ix86+x86_64, r-oldrel-osx-x86_64

Version: 1.2.0
Check: whether package can be installed
Result: ERROR
    Installation failed.
Flavor: r-patched-solaris-x86