Last updated on 2025-01-19 06:48:28 CET.
Flavor | Version | Tinstall | Tcheck | Ttotal | Status | Flags |
---|---|---|---|---|---|---|
r-devel-linux-x86_64-debian-clang | 2.51 | 280.81 | 349.19 | 630.00 | OK | |
r-devel-linux-x86_64-debian-gcc | 2.51 | 219.43 | 198.84 | 418.27 | OK | |
r-devel-linux-x86_64-fedora-clang | 2.51 | 1060.99 | OK | |||
r-devel-linux-x86_64-fedora-gcc | 2.51 | 1187.58 | OK | |||
r-devel-windows-x86_64 | 2.51 | 286.00 | 332.00 | 618.00 | OK | |
r-patched-linux-x86_64 | 2.51 | 317.56 | 317.12 | 634.68 | OK | |
r-release-linux-x86_64 | 2.51 | 313.14 | 318.92 | 632.06 | OK | |
r-release-macos-arm64 | 2.51 | 204.00 | NOTE | |||
r-release-macos-x86_64 | 2.51 | 268.00 | NOTE | |||
r-release-windows-x86_64 | 2.51 | 288.00 | 336.00 | 624.00 | NOTE | |
r-oldrel-macos-arm64 | 2.51 | 255.00 | NOTE | |||
r-oldrel-macos-x86_64 | 2.51 | 473.00 | NOTE | |||
r-oldrel-windows-x86_64 | 2.51 | 336.00 | 455.00 | 791.00 | NOTE |
Version: 2.51
Check: installed package size
Result: NOTE
installed size is 45.4Mb
sub-directories of 1Mb or more:
libs 45.0Mb
Flavors: r-release-macos-arm64, r-release-macos-x86_64, r-release-windows-x86_64, r-oldrel-macos-arm64, r-oldrel-macos-x86_64, r-oldrel-windows-x86_64