Last updated on 2023-12-07 19:58:35 CET.
Flavor | Version | Tinstall | Tcheck | Ttotal | Status | Flags |
---|---|---|---|---|---|---|
r-devel-linux-x86_64-debian-clang | 1.1.0 | 4.17 | 50.89 | 55.06 | NOTE | |
r-devel-linux-x86_64-debian-gcc | 1.1.0 | 4.48 | 39.49 | 43.97 | NOTE | |
r-devel-linux-x86_64-fedora-clang | 1.1.0 | 70.30 | NOTE | |||
r-devel-linux-x86_64-fedora-gcc | 1.1.0 | 67.23 | NOTE | |||
r-devel-windows-x86_64 | 1.1.0 | 6.00 | 66.00 | 72.00 | NOTE | |
r-patched-linux-x86_64 | 1.1.0 | 4.05 | 50.59 | 54.64 | OK | |
r-release-linux-x86_64 | 1.1.0 | 6.05 | 49.53 | 55.58 | OK | |
r-release-macos-arm64 | 1.1.0 | 26.00 | OK | |||
r-release-macos-x86_64 | 1.1.0 | 38.00 | OK | |||
r-release-windows-x86_64 | 1.1.0 | 7.00 | 73.00 | 80.00 | OK | |
r-oldrel-macos-arm64 | 1.1.0 | 26.00 | OK | |||
r-oldrel-macos-x86_64 | 1.1.0 | 41.00 | OK | |||
r-oldrel-windows-x86_64 | 1.1.0 | 8.00 | 74.00 | 82.00 | OK |
Version: 1.1.0
Check: Rd contents
Result: NOTE
Argument items with no description in Rd file 'DAGOSTINO.Rd':
‘data’
Argument items with no description in Rd file 'HZ.test.Rd':
‘data’
Argument items with no description in Rd file 'MardiaTest.Rd':
‘data’
Argument items with no description in Rd file 'Royston.test.Rd':
‘data’
Argument items with no description in Rd file 'gen.var.Rd':
‘\dots’
Argument items with no description in Rd file 'larg.ellip.Rd':
‘n’ ‘box’ ‘add’ ‘xlim’ ‘ylim’ ‘zlim’ ‘xlab’ ‘ylab’ ‘zlab’ ‘col’
‘alpha’ ‘\dots’
Argument items with no description in Rd file 'prism.Rd':
‘add’
Flavors: r-devel-linux-x86_64-debian-clang, r-devel-linux-x86_64-debian-gcc, r-devel-linux-x86_64-fedora-clang, r-devel-linux-x86_64-fedora-gcc, r-devel-windows-x86_64