CRAN Package Check Results for Package MScombine

Last updated on 2025-01-22 08:49:19 CET.

Flavor Version Tinstall Tcheck Ttotal Status Flags
r-devel-linux-x86_64-debian-clang 1.4 2.56 22.69 25.25 OK
r-devel-linux-x86_64-debian-gcc 1.4 1.96 18.09 20.05 OK
r-devel-linux-x86_64-fedora-clang 1.4 40.63 OK
r-devel-linux-x86_64-fedora-gcc 1.4 38.73 OK
r-devel-windows-x86_64 1.4 3.00 43.00 46.00 OK
r-patched-linux-x86_64 1.4 2.10 21.47 23.57 NOTE
r-release-linux-x86_64 1.4 2.46 21.53 23.99 NOTE
r-release-macos-arm64 1.4 16.00 NOTE
r-release-macos-x86_64 1.4 30.00 NOTE
r-release-windows-x86_64 1.4 3.00 42.00 45.00 NOTE
r-oldrel-macos-arm64 1.4 19.00 NOTE
r-oldrel-macos-x86_64 1.4 23.00 NOTE
r-oldrel-windows-x86_64 1.4 4.00 45.00 49.00 NOTE

Check Details

Version: 1.4
Check: LazyData
Result: NOTE 'LazyData' is specified without a 'data' directory Flavors: r-patched-linux-x86_64, r-release-linux-x86_64, r-release-macos-arm64, r-release-macos-x86_64, r-release-windows-x86_64, r-oldrel-macos-arm64, r-oldrel-macos-x86_64, r-oldrel-windows-x86_64