CRAN Package Check Results for Package MUACz

Last updated on 2020-04-09 21:48:08 CEST.

Flavor Version Tinstall Tcheck Ttotal Status Flags
r-devel-linux-x86_64-debian-clang 1.0.0 9.98 75.64 85.62 OK
r-devel-linux-x86_64-debian-gcc 1.0.0 8.95 58.55 67.50 OK
r-devel-linux-x86_64-fedora-clang 1.0.0 102.39 OK
r-devel-linux-x86_64-fedora-gcc 1.0.0 108.03 OK
r-devel-windows-ix86+x86_64 1.0.0 17.00 86.00 103.00 OK
r-devel-windows-ix86+x86_64-gcc8 1.0.0 17.00 76.00 93.00 OK
r-patched-linux-x86_64 1.0.0 10.27 73.34 83.61 OK
r-patched-osx-x86_64 1.0.0 OK
r-patched-solaris-x86 1.0.0 153.40 OK
r-release-linux-x86_64 1.0.0 8.63 66.70 75.33 OK
r-release-windows-ix86+x86_64 1.0.0 18.00 105.00 123.00 OK
r-release-osx-x86_64 1.0.0 OK
r-oldrel-osx-x86_64 1.0.0 ERROR

Check Details

Version: 1.0.0
Check: whether package can be installed
Result: ERROR
    Installation failed.
Flavor: r-oldrel-osx-x86_64