CRAN Package Check Results for Package MUACz

Last updated on 2024-03-01 13:54:29 CET.

Flavor Version Tinstall Tcheck Ttotal Status Flags
r-devel-linux-x86_64-debian-clang 2.1.0 11.97 98.91 110.88 NOTE
r-devel-linux-x86_64-debian-gcc 2.1.0 9.91 73.52 83.43 NOTE
r-devel-linux-x86_64-fedora-clang 2.1.0 142.93 NOTE
r-devel-linux-x86_64-fedora-gcc 2.1.0 134.32 NOTE
r-devel-windows-x86_64 2.1.0 11.00 84.00 95.00 NOTE
r-patched-linux-x86_64 2.1.0 13.32 96.09 109.41 NOTE
r-release-linux-x86_64 2.1.0 12.86 95.04 107.90 NOTE
r-release-macos-arm64 2.1.0 47.00 NOTE
r-release-macos-x86_64 2.1.0 61.00 NOTE
r-release-windows-x86_64 2.1.0 16.00 103.00 119.00 NOTE
r-oldrel-macos-arm64 2.1.0 41.00 NOTE
r-oldrel-windows-x86_64 2.1.0 15.00 101.00 116.00 NOTE

Check Details

Version: 2.1.0
Check: LazyData
Result: NOTE 'LazyData' is specified without a 'data' directory Flavors: r-devel-linux-x86_64-debian-clang, r-devel-linux-x86_64-debian-gcc, r-devel-linux-x86_64-fedora-clang, r-devel-linux-x86_64-fedora-gcc, r-devel-windows-x86_64, r-patched-linux-x86_64, r-release-linux-x86_64, r-release-macos-arm64, r-release-macos-x86_64, r-release-windows-x86_64, r-oldrel-macos-arm64, r-oldrel-windows-x86_64