CRAN Package Check Results for Package MVNtestchar

Last updated on 2022-08-18 21:49:53 CEST.

Flavor Version Tinstall Tcheck Ttotal Status Flags
r-devel-linux-x86_64-debian-clang 1.1.3 2.50 38.92 41.42 OK
r-devel-linux-x86_64-debian-gcc 1.1.3 2.49 30.18 32.67 OK
r-devel-linux-x86_64-fedora-clang 1.1.3 64.98 NOTE
r-devel-linux-x86_64-fedora-gcc 1.1.3 62.44 NOTE
r-devel-windows-x86_64 1.1.3 14.00 74.00 88.00 OK
r-patched-linux-x86_64 1.1.3 2.95 37.03 39.98 OK
r-release-linux-x86_64 1.1.3 OK
r-release-macos-arm64 1.1.3 22.00 NOTE
r-release-macos-x86_64 1.1.3 37.00 NOTE
r-release-windows-x86_64 1.1.3 19.00 68.00 87.00 OK
r-oldrel-macos-arm64 1.1.3 22.00 NOTE
r-oldrel-macos-x86_64 1.1.3 38.00 NOTE
r-oldrel-windows-ix86+x86_64 1.1.3 7.00 66.00 73.00 OK

Check Details

Version: 1.1.3
Check: dependencies in R code
Result: NOTE
    Namespaces in Imports field not imported from:
     ‘ggplot2’ ‘grDevices’ ‘knitr’ ‘utils’
     All declared Imports should be used.
Flavors: r-devel-linux-x86_64-fedora-clang, r-devel-linux-x86_64-fedora-gcc, r-release-macos-arm64, r-release-macos-x86_64, r-oldrel-macos-arm64, r-oldrel-macos-x86_64