CRAN Package Check Results for Package MVR

Last updated on 2023-03-26 04:50:40 CEST.

Flavor Version Tinstall Tcheck Ttotal Status Flags
r-devel-linux-x86_64-debian-clang 1.33.0 6.22 39.20 45.42 NOTE
r-devel-linux-x86_64-debian-gcc 1.33.0 4.42 30.31 34.73 NOTE
r-devel-linux-x86_64-fedora-gcc 1.33.0 55.74 NOTE
r-devel-windows-x86_64 1.33.0 23.00 77.00 100.00 NOTE
r-patched-linux-x86_64 1.33.0 5.49 36.87 42.36 NOTE
r-release-linux-x86_64 1.33.0 3.93 36.63 40.56 OK
r-release-macos-arm64 1.33.0 18.00 OK
r-release-macos-x86_64 1.33.0 28.00 OK
r-release-windows-x86_64 1.33.0 15.00 69.00 84.00 OK
r-oldrel-macos-arm64 1.33.0 25.00 OK
r-oldrel-macos-x86_64 1.33.0 37.00 OK
r-oldrel-windows-ix86+x86_64 1.33.0 12.00 74.00 86.00 OK

Check Details

Version: 1.33.0
Check: Rd files
Result: NOTE
    checkRd: (-1) mvr.Rd:113: Escaped LaTeX specials: \#
    checkRd: (-1) mvr.Rd:115: Escaped LaTeX specials: \#
Flavors: r-devel-linux-x86_64-debian-clang, r-devel-linux-x86_64-debian-gcc, r-devel-linux-x86_64-fedora-gcc, r-devel-windows-x86_64, r-patched-linux-x86_64