CRAN Package Check Results for Package MaOEA

Last updated on 2023-06-06 23:58:34 CEST.

Flavor Version Tinstall Tcheck Ttotal Status Flags
r-devel-linux-x86_64-debian-clang 0.6.2 14.75 98.71 113.46 NOTE
r-devel-linux-x86_64-debian-gcc 0.6.2 10.11 74.06 84.17 NOTE
r-devel-linux-x86_64-fedora-clang 0.6.2 141.92 NOTE
r-devel-linux-x86_64-fedora-gcc 0.6.2 138.25 NOTE
r-devel-windows-x86_64 0.6.2 11.00 91.00 102.00 NOTE
r-patched-linux-x86_64 0.6.2 13.23 91.44 104.67 NOTE
r-release-linux-x86_64 0.6.2 12.98 91.30 104.28 NOTE
r-release-macos-arm64 0.6.2 40.00 NOTE
r-release-macos-x86_64 0.6.2 66.00 NOTE
r-release-windows-x86_64 0.6.2 15.00 113.00 128.00 NOTE
r-oldrel-macos-arm64 0.6.2 36.00 NOTE
r-oldrel-macos-x86_64 0.6.2 50.00 NOTE
r-oldrel-windows-x86_64 0.6.2 15.00 105.00 120.00 NOTE

Check Details

Version: 0.6.2
Check: LazyData
Result: NOTE
     'LazyData' is specified without a 'data' directory
Flavors: r-devel-linux-x86_64-debian-clang, r-devel-linux-x86_64-debian-gcc, r-devel-linux-x86_64-fedora-clang, r-devel-linux-x86_64-fedora-gcc, r-devel-windows-x86_64, r-patched-linux-x86_64, r-release-linux-x86_64, r-release-macos-arm64, r-release-macos-x86_64, r-release-windows-x86_64, r-oldrel-macos-arm64, r-oldrel-macos-x86_64, r-oldrel-windows-x86_64