CRAN Package Check Results for Package MainExistingDatasets

Last updated on 2022-11-28 11:51:21 CET.

Flavor Version Tinstall Tcheck Ttotal Status Flags
r-devel-linux-x86_64-debian-clang 1.0.1 42.82 363.04 405.86 OK
r-devel-linux-x86_64-debian-gcc 1.0.1 35.95 263.81 299.76 OK
r-devel-linux-x86_64-fedora-clang 1.0.1 518.99 NOTE
r-devel-linux-x86_64-fedora-gcc 1.0.1 522.11 NOTE
r-devel-windows-x86_64 1.0.1 71.00 352.00 423.00 OK
r-patched-linux-x86_64 1.0.1 38.84 352.30 391.14 OK
r-release-linux-x86_64 1.0.1 38.77 355.72 394.49 OK
r-release-macos-arm64 1.0.1 135.00 NOTE
r-release-macos-x86_64 1.0.1 166.00 NOTE
r-release-windows-x86_64 1.0.1 53.00 343.00 396.00 OK
r-oldrel-macos-arm64 1.0.1 119.00 NOTE
r-oldrel-macos-x86_64 1.0.1 157.00 NOTE
r-oldrel-windows-ix86+x86_64 1.0.1 99.00 370.00 469.00 OK

Check Details

Version: 1.0.1
Check: data for non-ASCII characters
Result: NOTE
     Note: found 41 marked UTF-8 strings
Flavors: r-devel-linux-x86_64-fedora-clang, r-devel-linux-x86_64-fedora-gcc, r-release-macos-arm64, r-release-macos-x86_64, r-oldrel-macos-arm64, r-oldrel-macos-x86_64