CRAN Package Check Results for Package MajKMeans

Last updated on 2024-04-20 11:50:19 CEST.

Flavor Version Tinstall Tcheck Ttotal Status Flags
r-devel-linux-x86_64-debian-clang 0.1.0 1.79 24.07 25.86 NOTE
r-devel-linux-x86_64-debian-gcc 0.1.0 1.61 18.29 19.90 NOTE
r-devel-linux-x86_64-fedora-clang 0.1.0 33.31 NOTE
r-devel-linux-x86_64-fedora-gcc 0.1.0 31.48 NOTE
r-prerel-macos-arm64 0.1.0 14.00 NOTE
r-prerel-windows-x86_64 0.1.0 2.00 40.00 42.00 NOTE
r-patched-linux-x86_64 0.1.0 1.94 23.55 25.49 NOTE
r-release-linux-x86_64 0.1.0 2.03 23.97 26.00 NOTE
r-release-macos-arm64 0.1.0 17.00 NOTE
r-release-macos-x86_64 0.1.0 21.00 NOTE
r-release-windows-x86_64 0.1.0 2.00 39.00 41.00 NOTE
r-oldrel-macos-arm64 0.1.0 16.00 NOTE
r-oldrel-windows-x86_64 0.1.0 4.00 44.00 48.00 NOTE

Check Details

Version: 0.1.0
Check: LazyData
Result: NOTE 'LazyData' is specified without a 'data' directory Flavors: r-devel-linux-x86_64-debian-clang, r-devel-linux-x86_64-debian-gcc, r-devel-linux-x86_64-fedora-clang, r-devel-linux-x86_64-fedora-gcc, r-prerel-macos-arm64, r-prerel-windows-x86_64, r-patched-linux-x86_64, r-release-linux-x86_64, r-release-macos-arm64, r-release-macos-x86_64, r-release-windows-x86_64, r-oldrel-macos-arm64, r-oldrel-windows-x86_64

Version: 0.1.0
Check: dependencies in R code
Result: NOTE Namespace in Imports field not imported from: ‘MASS’ All declared Imports should be used. Flavors: r-devel-linux-x86_64-fedora-clang, r-devel-linux-x86_64-fedora-gcc