CRAN Package Check Results for Package MakefileR

Last updated on 2024-02-21 01:49:24 CET.

Flavor Version Tinstall Tcheck Ttotal Status Flags
r-devel-linux-x86_64-debian-clang 1.0 NOTE
r-devel-linux-x86_64-debian-gcc 1.0 1.78 20.91 22.69 NOTE
r-devel-linux-x86_64-fedora-clang 1.0 36.91 NOTE
r-devel-linux-x86_64-fedora-gcc 1.0 61.96 NOTE
r-devel-windows-x86_64 1.0 3.00 43.00 46.00 NOTE
r-patched-linux-x86_64 1.0 1.86 26.49 28.35 NOTE
r-release-linux-x86_64 1.0 2.10 26.35 28.45 NOTE
r-release-macos-arm64 1.0 27.00 NOTE
r-release-macos-x86_64 1.0 41.00 NOTE
r-release-windows-x86_64 1.0 3.00 46.00 49.00 NOTE
r-oldrel-macos-arm64 1.0 22.00 NOTE
r-oldrel-windows-x86_64 1.0 4.00 48.00 52.00 NOTE

Check Details

Version: 1.0
Check: LazyData
Result: NOTE 'LazyData' is specified without a 'data' directory Flavors: r-devel-linux-x86_64-debian-clang, r-devel-linux-x86_64-debian-gcc, r-devel-linux-x86_64-fedora-clang, r-devel-linux-x86_64-fedora-gcc, r-devel-windows-x86_64, r-patched-linux-x86_64, r-release-linux-x86_64, r-release-macos-arm64, r-release-macos-x86_64, r-release-windows-x86_64, r-oldrel-macos-arm64, r-oldrel-windows-x86_64