CRAN Package Check Results for Package Mapinguari

Last updated on 2024-04-25 13:44:17 CEST.

Flavor Version Tinstall Tcheck Ttotal Status Flags
r-devel-linux-x86_64-debian-clang 2.0.1 4.42 40.37 44.79 OK
r-devel-linux-x86_64-debian-gcc 2.0.1 3.36 30.29 33.65 OK
r-devel-linux-x86_64-fedora-clang 2.0.1 56.02 NOTE
r-devel-linux-x86_64-fedora-gcc 2.0.1 55.35 NOTE
r-devel-windows-x86_64 2.0.1 5.00 51.00 56.00 OK
r-patched-linux-x86_64 2.0.1 2.88 39.30 42.18 OK
r-release-linux-x86_64 2.0.1 3.04 37.87 40.91 OK
r-release-macos-arm64 2.0.1 22.00 OK
r-release-windows-x86_64 2.0.1 4.00 49.00 53.00 OK
r-oldrel-macos-arm64 2.0.1 21.00 OK
r-oldrel-macos-x86_64 2.0.1 36.00 OK
r-oldrel-windows-x86_64 2.0.1 6.00 56.00 62.00 OK

Check Details

Version: 2.0.1
Check: dependencies in R code
Result: NOTE Namespaces in Imports field not imported from: ‘dplyr’ ‘rlang’ ‘testthat’ All declared Imports should be used. Flavors: r-devel-linux-x86_64-fedora-clang, r-devel-linux-x86_64-fedora-gcc