CRAN Package Check Results for Package MargCond

Last updated on 2024-07-14 08:48:26 CEST.

Flavor Version Tinstall Tcheck Ttotal Status Flags
r-devel-linux-x86_64-debian-clang 1.0.0 7.19 83.86 91.05 OK
r-devel-linux-x86_64-debian-gcc 1.0.0 7.58 61.25 68.83 OK
r-devel-linux-x86_64-fedora-clang 1.0.0 115.91 OK
r-devel-linux-x86_64-fedora-gcc 1.0.0 118.87 OK
r-devel-windows-x86_64 1.0.0 10.00 76.00 86.00 NOTE
r-patched-linux-x86_64 1.0.0 14.56 76.58 91.14 OK
r-release-linux-x86_64 1.0.0 8.23 76.61 84.84 OK
r-release-macos-arm64 1.0.0 34.00 OK
r-release-macos-x86_64 1.0.0 49.00 OK
r-release-windows-x86_64 1.0.0 8.00 74.00 82.00 OK
r-oldrel-macos-arm64 1.0.0 39.00 OK
r-oldrel-macos-x86_64 1.0.0 61.00 OK
r-oldrel-windows-x86_64 1.0.0 11.00 89.00 100.00 OK

Check Details

Version: 1.0.0
Check: Rd cross-references
Result: NOTE Found the following Rd file(s) with Rd \link{} targets missing package anchors: MargCond.Rd: lmer, gee Please provide package anchors for all Rd \link{} targets not in the package itself and the base packages. Flavor: r-devel-windows-x86_64