Last updated on 2023-02-08 06:56:30 CET.
Flavor | Version | Tinstall | Tcheck | Ttotal | Status | Flags |
---|---|---|---|---|---|---|
r-devel-linux-x86_64-debian-clang | 0.7.2 | 6.26 | 102.92 | 109.18 | NOTE | |
r-devel-linux-x86_64-debian-gcc | 0.7.2 | 4.86 | 75.78 | 80.64 | NOTE | |
r-devel-linux-x86_64-fedora-clang | 0.7.2 | 137.32 | NOTE | |||
r-devel-linux-x86_64-fedora-gcc | 0.7.2 | 141.50 | NOTE | |||
r-devel-windows-x86_64 | 0.7.2 | 54.00 | 136.00 | 190.00 | NOTE | |
r-patched-linux-x86_64 | 0.7.2 | 4.16 | 100.03 | 104.19 | OK | |
r-release-linux-x86_64 | 0.7.2 | 6.78 | 100.58 | 107.36 | OK | |
r-release-macos-arm64 | 0.7.2 | 33.00 | OK | |||
r-release-macos-x86_64 | 0.7.2 | 61.00 | OK | |||
r-release-windows-x86_64 | 0.7.2 | 55.00 | 143.00 | 198.00 | OK | |
r-oldrel-macos-arm64 | 0.7.2 | 35.00 | OK | |||
r-oldrel-macos-x86_64 | 0.7.2 | 56.00 | OK | |||
r-oldrel-windows-ix86+x86_64 | 0.7.2 | 14.00 | 135.00 | 149.00 | OK |
Version: 0.7.2
Check: Rd files
Result: NOTE
checkRd: (-1) mma.Rd:67: Escaped LaTeX specials: \&
Flavors: r-devel-linux-x86_64-debian-clang, r-devel-linux-x86_64-debian-gcc, r-devel-linux-x86_64-fedora-clang, r-devel-linux-x86_64-fedora-gcc, r-devel-windows-x86_64