CRAN Package Check Results for Package MarketMatching

Last updated on 2019-01-20 01:51:03 CET.

Flavor Version Tinstall Tcheck Ttotal Status Flags
r-devel-linux-x86_64-debian-clang 1.1.1 4.53 157.56 162.09 OK
r-devel-linux-x86_64-debian-gcc 1.1.1 3.41 117.15 120.56 OK
r-devel-linux-x86_64-fedora-clang 1.1.1 198.72 OK
r-devel-linux-x86_64-fedora-gcc 1.1.1 209.54 OK
r-devel-windows-ix86+x86_64 1.1.1 15.00 225.00 240.00 OK
r-patched-linux-x86_64 1.1.1 0.42 2.05 2.47 ERROR
r-patched-solaris-x86 1.1.1 4.20 ERROR
r-release-linux-x86_64 1.1.1 0.46 2.18 2.64 ERROR
r-release-windows-ix86+x86_64 1.1.1 16.00 227.00 243.00 OK
r-release-osx-x86_64 1.1.1 OK
r-oldrel-osx-x86_64 1.1.1 ERROR

Check Details

Version: 1.1.1
Check: package dependencies
Result: ERROR
    Packages required but not available: ‘CausalImpact’ ‘bsts’
    
    See section ‘The DESCRIPTION file’ in the ‘Writing R Extensions’
    manual.
Flavors: r-patched-linux-x86_64, r-patched-solaris-x86, r-release-linux-x86_64

Version: 1.1.1
Check: whether package can be installed
Result: ERROR
    Installation failed.
Flavor: r-oldrel-osx-x86_64