CRAN Package Check Results for Package MarketMatching

Last updated on 2019-03-24 04:47:02 CET.

Flavor Version Tinstall Tcheck Ttotal Status Flags
r-devel-linux-x86_64-debian-clang 1.1.1 5.39 158.94 164.33 OK
r-devel-linux-x86_64-debian-gcc 1.1.1 4.80 116.18 120.98 OK
r-devel-linux-x86_64-fedora-clang 1.1.1 204.43 OK
r-devel-linux-x86_64-fedora-gcc 1.1.1 210.16 OK
r-devel-windows-ix86+x86_64 1.1.1 20.00 228.00 248.00 OK
r-patched-linux-x86_64 1.1.1 3.29 164.71 168.00 OK
r-patched-solaris-x86 1.1.1 3.90 ERROR
r-release-linux-x86_64 1.1.1 0.39 2.28 2.67 ERROR
r-release-windows-ix86+x86_64 1.1.1 9.00 178.00 187.00 OK
r-release-osx-x86_64 1.1.1 OK
r-oldrel-osx-x86_64 1.1.1 ERROR

Check Details

Version: 1.1.1
Check: package dependencies
Result: ERROR
    Packages required but not available: ‘CausalImpact’ ‘bsts’
    
    See section ‘The DESCRIPTION file’ in the ‘Writing R Extensions’
    manual.
Flavor: r-patched-solaris-x86

Version: 1.1.1
Check: whether package can be installed
Result: ERROR
    Installation failed.
Flavors: r-release-linux-x86_64, r-oldrel-osx-x86_64