CRAN Package Check Results for Package MasterBayes

Last updated on 2019-09-23 13:46:23 CEST.

Flavor Version Tinstall Tcheck Ttotal Status Flags
r-devel-linux-x86_64-debian-clang 2.55 67.40 98.81 166.21 OK
r-devel-linux-x86_64-debian-gcc 2.55 50.37 75.18 125.55 OK
r-devel-linux-x86_64-fedora-clang 2.55 235.29 WARN
r-devel-linux-x86_64-fedora-gcc 2.55 210.92 OK
r-devel-windows-ix86+x86_64 2.55 143.00 185.00 328.00 OK
r-patched-linux-x86_64 2.55 52.69 96.07 148.76 OK
r-patched-solaris-x86 2.55 296.10 OK
r-release-linux-x86_64 2.55 53.49 97.30 150.79 OK
r-release-windows-ix86+x86_64 2.55 133.00 193.00 326.00 OK
r-release-osx-x86_64 2.55 OK
r-oldrel-windows-ix86+x86_64 2.55 98.00 139.00 237.00 OK
r-oldrel-osx-x86_64 2.55 OK

Check Details

Version: 2.55
Check: whether package can be installed
Result: WARN
    Found the following significant warnings:
     ./matrix.h:4401:3: warning: 'bind1st<std::__1::multiplies<double>, double>' is deprecated [-Wdeprecated-declarations]
     ./matrix.h:4401:3: warning: 'bind2nd<std::__1::multiplies<double>, double>' is deprecated [-Wdeprecated-declarations]
     ./matrix.h:4365:3: warning: 'bind1st<std::__1::minus<double>, double>' is deprecated [-Wdeprecated-declarations]
     ./matrix.h:4365:3: warning: 'bind2nd<std::__1::minus<double>, double>' is deprecated [-Wdeprecated-declarations]
     ./matrix.h:4330:3: warning: 'bind1st<std::__1::plus<double>, double>' is deprecated [-Wdeprecated-declarations]
     ./matrix.h:4330:3: warning: 'bind2nd<std::__1::plus<double>, double>' is deprecated [-Wdeprecated-declarations]
     ./matrix.h:4436:3: warning: 'bind1st<std::__1::divides<double>, double>' is deprecated [-Wdeprecated-declarations]
     ./matrix.h:4436:3: warning: 'bind2nd<std::__1::divides<double>, double>' is deprecated [-Wdeprecated-declarations]
     ./matrix.h:4365:3: warning: 'bind1st<std::__1::minus<int>, int>' is deprecated [-Wdeprecated-declarations]
     ./matrix.h:4365:3: warning: 'bind2nd<std::__1::minus<int>, int>' is deprecated [-Wdeprecated-declarations]
Flavor: r-devel-linux-x86_64-fedora-clang