CRAN Package Check Results for Package MatchIt

Last updated on 2021-06-22 18:49:22 CEST.

Flavor Version Tinstall Tcheck Ttotal Status Flags
r-devel-linux-x86_64-debian-clang 4.2.0 73.30 227.59 300.89 OK
r-devel-linux-x86_64-debian-gcc 4.2.0 47.22 171.79 219.01 OK
r-devel-linux-x86_64-fedora-clang 4.2.0 379.05 NOTE
r-devel-linux-x86_64-fedora-gcc 4.2.0 358.81 OK
r-devel-windows-x86_64 4.2.0 86.00 275.00 361.00 OK
r-devel-windows-x86_64-gcc10-UCRT 4.2.0 OK
r-patched-linux-x86_64 4.2.0 57.05 219.59 276.64 OK
r-patched-solaris-x86 4.2.0 417.80 OK
r-release-linux-x86_64 4.2.0 56.29 217.52 273.81 OK
r-release-macos-arm64 4.2.0 NOTE
r-release-macos-x86_64 4.2.0 OK
r-release-windows-ix86+x86_64 4.2.0 153.00 290.00 443.00 OK
r-oldrel-macos-x86_64 4.2.0 OK

Check Details

Version: 4.2.0
Check: installed package size
Result: NOTE
     installed size is 5.1Mb
     sub-directories of 1Mb or more:
     doc 1.5Mb
     libs 2.7Mb
Flavors: r-devel-linux-x86_64-fedora-clang, r-release-macos-arm64