CRAN Package Check Results for Package Matrix

Last updated on 2023-09-24 15:56:55 CEST.

Flavor Version Tinstall Tcheck Ttotal Status Flags
r-devel-linux-x86_64-debian-clang 1.6-1.1 246.06 422.37 668.43 OK
r-devel-linux-x86_64-debian-gcc 1.6-1.1 196.25 314.53 510.78 OK
r-devel-linux-x86_64-fedora-clang 1.6-1.1 814.40 OK
r-devel-linux-x86_64-fedora-gcc 1.6-1.1 918.54 OK
r-devel-windows-x86_64 1.6-1.1 224.00 441.00 665.00 OK
r-patched-linux-x86_64 1.6-1.1 221.72 403.06 624.78 OK
r-release-linux-x86_64 1.6-1.1 237.87 409.03 646.90 NOTE
r-release-macos-arm64 1.6-1.1 340.00 NOTE
r-release-macos-x86_64 1.6-1.1 697.00 NOTE
r-release-windows-x86_64 1.6-1.1 275.00 510.00 785.00 NOTE
r-oldrel-macos-arm64 1.6-1.1 249.00 ERROR
r-oldrel-macos-x86_64 1.6-1.1 317.00 ERROR
r-oldrel-windows-x86_64 1.6-1.1 278.00 484.00 762.00 NOTE

Check Details

Version: 1.6-1.1
Check: R code for possible problems
Result: NOTE
    qr.X: no visible binding for global variable ‘R’
    Undefined global functions or variables:
     R
Flavors: r-release-linux-x86_64, r-release-macos-arm64, r-release-macos-x86_64, r-release-windows-x86_64, r-oldrel-macos-arm64, r-oldrel-macos-x86_64, r-oldrel-windows-x86_64

Version: 1.6-1.1
Check: PDF version of manual
Result: WARN
    LaTeX errors when creating PDF version.
    This typically indicates Rd problems.
    LaTeX errors found:
    ! Undefined control sequence.
    <argument> P_1 A P_1' = L_1 D L_1' \overset
     {D_{jj} \ge 0}{=} L L'
    l.1407 ...D L_1' \overset{D_{jj} \ge 0}{=} L L'}{}
    
    ! Undefined control sequence.
    <argument> A = P_1' L_1 D L_1' P_1 \overset
     {D_{jj} \ge 0}{=} P_1' L L' P_1
    l.1409 ...verset{D_{jj} \ge 0}{=} P_1' L L' P_1}{}
    
    ! Undefined control sequence.
    <argument> P_1 A P_1' = L_1 D L_1' \overset
     {D_{jj} \ge 0}{=} L L'
    l.2269 ...D L_1' \overset{D_{jj} \ge 0}{=} L L'}{}
    
    ! Undefined control sequence.
    <argument> A = P_1' L_1 D L_1' P_1 \overset
     {D_{jj} \ge 0}{=} P_1' L L' P_1
    l.2271 ...verset{D_{jj} \ge 0}{=} P_1' L L' P_1}{}
    
    ! Undefined control sequence.
    <argument> \lVert
     A - P' L L' P \rVert
    l.2394 ...P' L L' P \rVert}{\lVert A \rVert}\,.}{}
    
    ! Undefined control sequence.
    <argument> \lVert A - P' L L' P \rVert
    
    l.2394 ...P' L L' P \rVert}{\lVert A \rVert}\,.}{}
    
    ! Undefined control sequence.
    <argument> \lVert
     A \rVert
    l.2394 ...P' L L' P \rVert}{\lVert A \rVert}\,.}{}
    
    ! Undefined control sequence.
    <argument> \lVert A \rVert
    
    l.2394 ...P' L L' P \rVert}{\lVert A \rVert}\,.}{}
    
    ! Undefined control sequence.
    <argument> m \times \text
     {min}(m,n)
    l.3421 ...} is an \eqn{m \times \text{min}(m,n)}{}
    
    ! Undefined control sequence.
    <recently read> \text
    
    l.3423 ...} is a \eqn{\text{min}(m,n) \times n}{}
    
    ! Undefined control sequence.
    <argument> m \times \text
     {min}(m,n)
    l.8363 ...} is an \eqn{m \times \text{min}(m,n)}{}
    
    ! Undefined control sequence.
    <recently read> \text
    
    l.8365 ...} is a \eqn{\text{min}(m,n) \times n}{}
    
    ! LaTeX Error: Environment bmatrix undefined.
    
    See the LaTeX manual or LaTeX Companion for explanation.
    Type H <return> for immediate help.
     ...
    ! LaTeX Error: \begin{list} on input line 11058 ended by \end{bmatrix}.
    
    See the LaTeX manual or LaTeX Companion for explanation.
    Type H <return> for immediate help.
     ...
    ! LaTeX Error: Environment bmatrix undefined.
    
    See the LaTeX manual or LaTeX Companion for explanation.
    Type H <return> for immediate help.
     ...
    ! Misplaced alignment tab character &.
    <argument> ...A P_2 = Q R = \begin {bmatrix} Q_1 &
     Q_2 \end {bmatrix} \begin...
    l.13074 ...ix} R_1 \\ 0 \end{bmatrix} = Q_1 R_1}{}
    
    ! LaTeX Error: \begin{list} on input line 13069 ended by \end{bmatrix}.
    
    See the LaTeX manual or LaTeX Companion for explanation.
    Type H <return> for immediate help.
     ...
    ! LaTeX Error: Environment bmatrix undefined.
    
    See the LaTeX manual or LaTeX Companion for explanation.
    Type H <return> for immediate help.
     ...
    ! LaTeX Error: \begin{list} on input line 13069 ended by \end{bmatrix}.
    
    See the LaTeX manual or LaTeX Companion for explanation.
    Type H <return> for immediate help.
     ...
    ! LaTeX Error: Environment bmatrix undefined.
    
    See the LaTeX manual or LaTeX Companion for explanation.
    Type H <return> for immediate help.
     ...
    ! Misplaced alignment tab character &.
    <argument> ...R P_2' = P_1' \begin {bmatrix} Q_1 &
     Q_2 \end {bmatrix} \begin...
    l.13077 ...nd{bmatrix} P_2' = P_1' Q_1 R_1 P_2'}{}
    
    ! LaTeX Error: \begin{list} on input line 13069 ended by \end{bmatrix}.
    
    See the LaTeX manual or LaTeX Companion for explanation.
    Type H <return> for immediate help.
     ...
    ! LaTeX Error: Environment bmatrix undefined.
    
    See the LaTeX manual or LaTeX Companion for explanation.
    Type H <return> for immediate help.
     ...
    ! LaTeX Error: \begin{list} on input line 13069 ended by \end{bmatrix}.
    
    See the LaTeX manual or LaTeX Companion for explanation.
    Type H <return> for immediate help.
     ...
Flavors: r-oldrel-macos-arm64, r-oldrel-macos-x86_64

Version: 1.6-1.1
Check: PDF version of manual without index
Result: ERROR
Flavors: r-oldrel-macos-arm64, r-oldrel-macos-x86_64