CRAN Package Check Results for Package Matrix

Last updated on 2021-06-17 19:51:30 CEST.

Flavor Version Tinstall Tcheck Ttotal Status Flags
r-devel-linux-x86_64-debian-clang 1.3-4 182.68 362.32 545.00 OK
r-devel-linux-x86_64-debian-gcc 1.3-4 131.23 271.88 403.11 OK
r-devel-linux-x86_64-fedora-clang 1.3-4 716.07 OK
r-devel-linux-x86_64-fedora-gcc 1.3-4 662.40 OK
r-devel-windows-x86_64 1.3-4 255.00 338.00 593.00 OK
r-devel-windows-x86_64-gcc10-UCRT 1.3-4 NOTE
r-patched-linux-x86_64 1.3-4 157.80 346.95 504.75 OK
r-patched-solaris-x86 1.3-4 OK
r-release-linux-x86_64 1.3-4 149.86 347.33 497.19 OK
r-release-macos-arm64 1.3-3 NOTE
r-release-macos-x86_64 1.3-4 OK
r-release-windows-ix86+x86_64 1.3-4 367.00 464.00 831.00 OK
r-oldrel-macos-x86_64 1.3-4 OK
r-oldrel-windows-ix86+x86_64 1.3-4 275.00 625.00 900.00 OK

Check Details

Version: 1.3-4
Check: package dependencies
Result: NOTE
    Package which this enhances but not available for checking: 'spdep'
Flavor: r-devel-windows-x86_64-gcc10-UCRT

Version: 1.3-4
Check: Rd cross-references
Result: NOTE
    Package unavailable to check Rd xrefs: 'spdep'
Flavor: r-devel-windows-x86_64-gcc10-UCRT

Version: 1.3-3
Check: package dependencies
Result: NOTE
    Package which this enhances but not available for checking: ‘spdep’
Flavor: r-release-macos-arm64

Version: 1.3-3
Check: Rd cross-references
Result: NOTE
    Package unavailable to check Rd xrefs: ‘spdep’
Flavor: r-release-macos-arm64