CRAN Package Check Results for Package Matrix

Last updated on 2020-07-05 19:49:46 CEST.

Flavor Version Tinstall Tcheck Ttotal Status Flags
r-devel-linux-x86_64-debian-clang 1.2-18 202.40 341.81 544.21 OK
r-devel-linux-x86_64-debian-gcc 1.2-18 140.56 260.99 401.55 OK
r-devel-linux-x86_64-fedora-clang 1.2-18 677.20 NOTE
r-devel-linux-x86_64-fedora-gcc 1.2-18 676.97 OK
r-devel-windows-ix86+x86_64 1.2-18 405.00 660.00 1065.00 OK
r-patched-linux-x86_64 1.2-18 154.54 341.10 495.64 OK
r-patched-solaris-x86 1.2-18 OK
r-release-linux-x86_64 1.2-18 153.37 338.52 491.89 OK
r-release-osx-x86_64 1.2-18 OK
r-release-windows-ix86+x86_64 1.2-18 287.00 499.00 786.00 OK
r-oldrel-osx-x86_64 1.2-18 OK
r-oldrel-windows-ix86+x86_64 1.2-18 4.00 14.00 18.00 ERROR

Check Details

Version: 1.2-18
Check: Rd cross-references
Result: NOTE
    Undeclared packages ‘spdep’, ‘igraph’ in Rd xrefs
Flavor: r-devel-linux-x86_64-fedora-clang

Version: 1.2-18
Check: whether package can be installed
Result: ERROR
    Installation failed.
Flavor: r-oldrel-windows-ix86+x86_64