CRAN Package Check Results for Package MatrixExtra

Last updated on 2021-09-19 12:53:17 CEST.

Flavor Version Tinstall Tcheck Ttotal Status Flags
r-devel-linux-x86_64-debian-clang 0.1.6 162.95 188.70 351.65 OK
r-devel-linux-x86_64-debian-gcc 0.1.6 109.48 139.91 249.39 OK
r-devel-linux-x86_64-fedora-clang 0.1.6 453.88 NOTE
r-devel-linux-x86_64-fedora-gcc 0.1.6 426.21 OK
r-devel-windows-x86_64 0.1.6 128.00 166.00 294.00 OK
r-devel-windows-x86_64-gcc10-UCRT 0.1.6 ERROR
r-patched-linux-x86_64 0.1.6 132.18 179.18 311.36 OK
r-patched-solaris-x86 0.1.6 446.10 OK
r-release-linux-x86_64 0.1.6 132.23 180.31 312.54 OK
r-release-macos-arm64 0.1.6 NOTE
r-release-macos-x86_64 0.1.6 NOTE
r-release-windows-ix86+x86_64 0.1.6 315.00 314.00 629.00 NOTE
r-oldrel-macos-x86_64 0.1.6 NOTE
r-oldrel-windows-ix86+x86_64 0.1.6 313.00 326.00 639.00 NOTE

Check Details

Version: 0.1.6
Check: installed package size
Result: NOTE
     installed size is 10.8Mb
     sub-directories of 1Mb or more:
     R 1.0Mb
     libs 9.6Mb
Flavors: r-devel-linux-x86_64-fedora-clang, r-release-macos-arm64, r-release-macos-x86_64, r-release-windows-ix86+x86_64, r-oldrel-macos-x86_64, r-oldrel-windows-ix86+x86_64

Version: 0.1.6
Check: whether package can be installed
Result: ERROR
    Installation failed.
Flavor: r-devel-windows-x86_64-gcc10-UCRT