CRAN Package Check Results for Package MaxentVariableSelection

Last updated on 2024-04-21 21:51:23 CEST.

Flavor Version Tinstall Tcheck Ttotal Status Flags
r-devel-linux-x86_64-debian-clang 1.0-3 2.02 42.04 44.06 NOTE
r-devel-linux-x86_64-debian-gcc 1.0-3 2.18 31.32 33.50 NOTE
r-devel-linux-x86_64-fedora-clang 1.0-3 56.40 NOTE
r-devel-linux-x86_64-fedora-gcc 1.0-3 70.12 NOTE
r-prerel-macos-arm64 1.0-3 27.00 NOTE
r-prerel-windows-x86_64 1.0-3 5.00 53.00 58.00 NOTE
r-patched-linux-x86_64 1.0-3 2.11 39.99 42.10 NOTE
r-release-linux-x86_64 1.0-3 3.06 39.41 42.47 NOTE
r-release-macos-arm64 1.0-3 29.00 NOTE
r-release-macos-x86_64 1.0-3 40.00 NOTE
r-release-windows-x86_64 1.0-3 5.00 57.00 62.00 NOTE
r-oldrel-macos-arm64 1.0-3 23.00 NOTE
r-oldrel-windows-x86_64 1.0-3 5.00 61.00 66.00 NOTE

Additional issues

donttest

Check Details

Version: 1.0-3
Check: Rd files
Result: NOTE checkRd: (-1) MaxentVariableSelection-package.Rd:46: Lost braces; missing escapes or markup? 46 | \tab Tyberghein L, Verbruggen H, Pauly K, Troupin C, Mineur F and {De Clerck}, O (2012)\cr | ^ Flavors: r-devel-linux-x86_64-debian-clang, r-devel-linux-x86_64-debian-gcc, r-devel-linux-x86_64-fedora-clang, r-devel-linux-x86_64-fedora-gcc, r-prerel-macos-arm64, r-prerel-windows-x86_64, r-patched-linux-x86_64

Version: 1.0-3
Check: LazyData
Result: NOTE 'LazyData' is specified without a 'data' directory Flavors: r-devel-linux-x86_64-debian-clang, r-devel-linux-x86_64-debian-gcc, r-devel-linux-x86_64-fedora-clang, r-devel-linux-x86_64-fedora-gcc, r-prerel-macos-arm64, r-prerel-windows-x86_64, r-patched-linux-x86_64, r-release-linux-x86_64, r-release-macos-arm64, r-release-macos-x86_64, r-release-windows-x86_64, r-oldrel-macos-arm64, r-oldrel-windows-x86_64