CRAN Package Check Results for Package MaxentVariableSelection

Last updated on 2022-10-04 17:52:46 CEST.

Flavor Version Tinstall Tcheck Ttotal Status Flags
r-devel-linux-x86_64-debian-clang 1.0-3 2.09 40.13 42.22 NOTE
r-devel-linux-x86_64-debian-gcc 1.0-3 2.09 30.02 32.11 NOTE
r-devel-linux-x86_64-fedora-clang 1.0-3 63.39 NOTE
r-devel-linux-x86_64-fedora-gcc 1.0-3 60.62 NOTE
r-devel-windows-x86_64 1.0-3 53.00 74.00 127.00 NOTE
r-patched-linux-x86_64 1.0-3 2.28 37.29 39.57 NOTE
r-release-linux-x86_64 1.0-3 2.82 37.56 40.38 NOTE
r-release-macos-arm64 1.0-3 23.00 NOTE
r-release-macos-x86_64 1.0-3 35.00 NOTE
r-release-windows-x86_64 1.0-3 8.00 68.00 76.00 NOTE
r-oldrel-macos-arm64 1.0-3 25.00 NOTE
r-oldrel-macos-x86_64 1.0-3 26.00 NOTE
r-oldrel-windows-ix86+x86_64 1.0-3 7.00 65.00 72.00 NOTE

Additional issues

donttest

Check Details

Version: 1.0-3
Check: LazyData
Result: NOTE
     'LazyData' is specified without a 'data' directory
Flavors: r-devel-linux-x86_64-debian-clang, r-devel-linux-x86_64-debian-gcc, r-devel-linux-x86_64-fedora-clang, r-devel-linux-x86_64-fedora-gcc, r-devel-windows-x86_64, r-patched-linux-x86_64, r-release-linux-x86_64, r-release-macos-arm64, r-release-macos-x86_64, r-release-windows-x86_64, r-oldrel-macos-arm64, r-oldrel-macos-x86_64, r-oldrel-windows-ix86+x86_64