CRAN Package Check Results for Package MazamaSpatialUtils

Last updated on 2022-08-13 13:49:38 CEST.

Flavor Version Tinstall Tcheck Ttotal Status Flags
r-devel-linux-x86_64-debian-clang 0.7.6 9.50 107.17 116.67 OK
r-devel-linux-x86_64-debian-gcc 0.7.6 7.92 80.58 88.50 OK
r-devel-linux-x86_64-fedora-clang 0.7.6 147.90 NOTE
r-devel-linux-x86_64-fedora-gcc 0.7.6 145.91 NOTE
r-devel-windows-x86_64 0.7.6 21.00 176.00 197.00 OK
r-patched-linux-x86_64 0.7.6 9.39 99.64 109.03 OK
r-release-linux-x86_64 0.7.6 9.11 98.63 107.74 OK
r-release-macos-arm64 0.7.6 47.00 NOTE
r-release-macos-x86_64 0.7.6 79.00 NOTE
r-release-windows-x86_64 0.7.6 254.00 176.00 430.00 OK
r-oldrel-macos-arm64 0.7.6 42.00 NOTE
r-oldrel-macos-x86_64 0.7.6 65.00 NOTE
r-oldrel-windows-ix86+x86_64 0.7.6 42.00 198.00 240.00 OK

Check Details

Version: 0.7.6
Check: data for non-ASCII characters
Result: NOTE
     Note: found 17 marked UTF-8 strings
Flavors: r-devel-linux-x86_64-fedora-clang, r-devel-linux-x86_64-fedora-gcc, r-release-macos-arm64, r-release-macos-x86_64, r-oldrel-macos-arm64, r-oldrel-macos-x86_64