Last updated on 2021-01-17 13:48:50 CET.
Flavor | Version | Tinstall | Tcheck | Ttotal | Status | Flags |
---|---|---|---|---|---|---|
r-devel-linux-x86_64-debian-clang | 0.7.3 | 9.90 | 90.56 | 100.46 | OK | |
r-devel-linux-x86_64-debian-gcc | 0.7.3 | 8.07 | 69.87 | 77.94 | OK | |
r-devel-linux-x86_64-fedora-clang | 0.7.3 | 126.69 | NOTE | |||
r-devel-linux-x86_64-fedora-gcc | 0.7.3 | 125.43 | NOTE | |||
r-devel-windows-ix86+x86_64 | 0.7.3 | 20.00 | 112.00 | 132.00 | OK | |
r-patched-linux-x86_64 | 0.7.3 | 9.77 | 88.06 | 97.83 | OK | |
r-patched-solaris-x86 | 0.7.3 | 171.40 | NOTE | |||
r-release-linux-x86_64 | 0.7.3 | 9.76 | 86.59 | 96.35 | OK | |
r-release-macos-x86_64 | 0.7.3 | NOTE | ||||
r-release-windows-ix86+x86_64 | 0.7.3 | 20.00 | 114.00 | 134.00 | OK | |
r-oldrel-macos-x86_64 | 0.7.3 | NOTE | ||||
r-oldrel-windows-ix86+x86_64 | 0.7.3 | 23.00 | 139.00 | 162.00 | OK |
Version: 0.7.3
Check: dependencies in R code
Result: NOTE
Namespace in Imports field not imported from: ‘tidyr’
All declared Imports should be used.
Flavors: r-devel-linux-x86_64-fedora-clang, r-devel-linux-x86_64-fedora-gcc, r-patched-solaris-x86, r-release-macos-x86_64, r-oldrel-macos-x86_64
Version: 0.7.3
Check: data for non-ASCII characters
Result: NOTE
Note: found 17 marked UTF-8 strings
Flavors: r-devel-linux-x86_64-fedora-clang, r-devel-linux-x86_64-fedora-gcc, r-patched-solaris-x86, r-release-macos-x86_64, r-oldrel-macos-x86_64