CRAN Package Check Results for Package MediaK

Last updated on 2023-01-30 09:54:17 CET.

Flavor Version Tinstall Tcheck Ttotal Status Flags
r-devel-linux-x86_64-debian-clang 1.0 26.10 27.20 53.30 NOTE
r-devel-linux-x86_64-debian-gcc 1.0 20.05 21.93 41.98 NOTE
r-devel-linux-x86_64-fedora-clang 1.0 74.25 NOTE
r-devel-linux-x86_64-fedora-gcc 1.0 69.62 NOTE
r-devel-windows-x86_64 1.0 27.00 74.00 101.00 NOTE
r-patched-linux-x86_64 1.0 20.94 27.27 48.21 NOTE
r-release-linux-x86_64 1.0 16.93 27.68 44.61 NOTE
r-release-macos-arm64 1.0 24.00 NOTE
r-release-macos-x86_64 1.0 30.00 NOTE
r-release-windows-x86_64 1.0 34.00 80.00 114.00 NOTE
r-oldrel-macos-arm64 1.0 33.00 NOTE
r-oldrel-macos-x86_64 1.0 42.00 NOTE
r-oldrel-windows-ix86+x86_64 1.0 64.00 77.00 141.00 NOTE

Check Details

Version: 1.0
Check: LazyData
Result: NOTE
     'LazyData' is specified without a 'data' directory
Flavors: r-devel-linux-x86_64-debian-clang, r-devel-linux-x86_64-debian-gcc, r-devel-linux-x86_64-fedora-clang, r-devel-linux-x86_64-fedora-gcc, r-devel-windows-x86_64, r-patched-linux-x86_64, r-release-linux-x86_64, r-release-macos-arm64, r-release-macos-x86_64, r-release-windows-x86_64, r-oldrel-macos-arm64, r-oldrel-macos-x86_64, r-oldrel-windows-ix86+x86_64

Version: 1.0
Check: compiled code
Result: NOTE
    File ‘MediaK/libs/MediaK.so’:
     Found no calls to: ‘R_registerRoutines’, ‘R_useDynamicSymbols’
    
    It is good practice to register native routines and to disable symbol
    search.
    
    See ‘Writing portable packages’ in the ‘Writing R Extensions’ manual.
Flavors: r-devel-linux-x86_64-fedora-clang, r-devel-linux-x86_64-fedora-gcc