Last updated on 2023-03-30 19:51:23 CEST.
Flavor | Version | Tinstall | Tcheck | Ttotal | Status | Flags |
---|---|---|---|---|---|---|
r-devel-linux-x86_64-debian-clang | 1.0.8 | 10.64 | 77.51 | 88.15 | OK | |
r-devel-linux-x86_64-debian-gcc | 1.0.8 | 9.05 | 58.82 | 67.87 | OK | |
r-devel-linux-x86_64-fedora-clang | 1.0.8 | 117.44 | OK | |||
r-devel-linux-x86_64-fedora-gcc | 1.0.8 | 123.78 | OK | |||
r-devel-windows-x86_64 | 1.0.8 | 76.00 | 116.00 | 192.00 | OK | |
r-patched-linux-x86_64 | 1.0.8 | 11.45 | 74.57 | 86.02 | OK | |
r-release-linux-x86_64 | 1.0.8 | 10.27 | 73.36 | 83.63 | OK | |
r-release-macos-arm64 | 1.0.8 | 32.00 | OK | |||
r-release-macos-x86_64 | 1.0.8 | 43.00 | OK | |||
r-release-windows-x86_64 | 1.0.8 | 58.00 | 114.00 | 172.00 | OK | |
r-oldrel-macos-arm64 | 1.0.8 | 40.00 | OK | |||
r-oldrel-macos-x86_64 | 1.0.8 | 59.00 | OK | |||
r-oldrel-windows-ix86+x86_64 | 1.0.8 | 19.00 | 103.00 | 122.00 | NOTE |
Version: 1.0.8
Check: dependencies in R code
Result: NOTE
Initiating curl with CURL_SSL_BACKEND: openssl
Flavor: r-oldrel-windows-ix86+x86_64