CRAN Package Check Results for Package Mega2R

Last updated on 2020-06-03 20:49:16 CEST.

Flavor Version Tinstall Tcheck Ttotal Status Flags
r-devel-linux-x86_64-debian-clang 1.0.7 57.26 401.76 459.02 OK
r-devel-linux-x86_64-debian-gcc 1.0.7 46.53 314.14 360.67 OK
r-devel-linux-x86_64-fedora-clang 1.0.7 569.50 OK
r-devel-linux-x86_64-fedora-gcc 1.0.7 560.07 OK
r-devel-windows-ix86+x86_64 1.0.7 134.00 573.00 707.00 OK
r-patched-linux-x86_64 1.0.7 50.33 397.15 447.48 OK
r-patched-solaris-x86 1.0.7 5.30 ERROR --no-vignettes
r-release-linux-x86_64 1.0.7 50.53 408.27 458.80 OK
r-release-osx-x86_64 1.0.7 OK
r-release-windows-ix86+x86_64 1.0.7 105.00 590.00 695.00 OK
r-oldrel-osx-x86_64 1.0.7 ERROR
r-oldrel-windows-ix86+x86_64 1.0.7 96.00 537.00 633.00 OK

Check Details

Version: 1.0.7
Flags: --no-vignettes
Check: package dependencies
Result: ERROR
    Package required but not available: ‘gdsfmt’
    
    See section ‘The DESCRIPTION file’ in the ‘Writing R Extensions’
    manual.
Flavor: r-patched-solaris-x86

Version: 1.0.7
Check: package dependencies
Result: NOTE
    Packages suggested but not available for checking:
     'TxDb.Hsapiens.UCSC.hg19.knownGene', 'org.Hs.eg.db'
Flavor: r-oldrel-osx-x86_64

Version: 1.0.7
Check: whether package can be installed
Result: ERROR
    Installation failed.
Flavor: r-oldrel-osx-x86_64