CRAN Package Check Results for Package MetChem

Last updated on 2023-06-05 21:59:11 CEST.

Flavor Version Tinstall Tcheck Ttotal Status Flags
r-devel-linux-x86_64-debian-clang 0.3 16.65 174.92 191.57 OK
r-devel-linux-x86_64-debian-gcc 0.3 12.15 134.39 146.54 OK
r-devel-linux-x86_64-fedora-clang 0.3 238.07 NOTE
r-devel-linux-x86_64-fedora-gcc 0.3 249.16 NOTE
r-devel-windows-x86_64 0.3 13.00 142.00 155.00 OK
r-patched-linux-x86_64 0.3 16.74 172.45 189.19 OK
r-release-linux-x86_64 0.3 13.77 168.62 182.39 OK
r-release-macos-arm64 0.3 74.00 OK
r-release-macos-x86_64 0.3 100.00 NOTE
r-release-windows-x86_64 0.3 17.00 174.00 191.00 OK
r-oldrel-macos-arm64 0.3 62.00 OK
r-oldrel-macos-x86_64 0.3 93.00 OK
r-oldrel-windows-x86_64 0.3 16.00 173.00 189.00 OK

Check Details

Version: 0.3
Check: data for non-ASCII characters
Result: NOTE
     Note: found 1496 marked UTF-8 strings
Flavors: r-devel-linux-x86_64-fedora-clang, r-devel-linux-x86_64-fedora-gcc

Version: 0.3
Check: package dependencies
Result: NOTE
    Package suggested but not available for checking: ‘impute’
Flavor: r-release-macos-x86_64