CRAN Package Check Results for Package MetaClean

Last updated on 2021-09-17 20:49:21 CEST.

Flavor Version Tinstall Tcheck Ttotal Status Flags
r-devel-linux-x86_64-debian-clang 1.0.0 43.85 408.10 451.95 OK
r-devel-linux-x86_64-debian-gcc 1.0.0 39.42 301.37 340.79 OK
r-devel-linux-x86_64-fedora-clang 1.0.0 537.72 NOTE
r-devel-linux-x86_64-fedora-gcc 1.0.0 532.10 NOTE
r-devel-windows-x86_64 1.0.0 50.00 322.00 372.00 OK
r-devel-windows-x86_64-gcc10-UCRT 1.0.0 NOTE
r-patched-linux-x86_64 1.0.0 41.92 379.63 421.55 OK
r-release-linux-x86_64 1.0.0 44.23 377.59 421.82 OK
r-release-macos-arm64 1.0.0 NOTE
r-release-macos-x86_64 1.0.0 ERROR
r-release-windows-ix86+x86_64 1.0.0 107.00 439.00 546.00 OK
r-oldrel-macos-x86_64 1.0.0 NOTE
r-oldrel-windows-ix86+x86_64 1.0.0 105.00 451.00 556.00 OK

Check Details

Version: 1.0.0
Check: dependencies in R code
Result: NOTE
    Namespaces in Imports field not imported from:
     ‘BiocStyle’ ‘Rgraphviz’ ‘fastAdaboost’ ‘graph’ ‘kernlab’ ‘klaR’
     ‘knitr’ ‘randomForest’ ‘reshape2’ ‘rpart’ ‘tools’
     All declared Imports should be used.
Flavors: r-devel-linux-x86_64-fedora-clang, r-devel-linux-x86_64-fedora-gcc, r-devel-windows-x86_64-gcc10-UCRT, r-release-macos-arm64, r-oldrel-macos-x86_64

Version: 1.0.0
Check: whether package can be installed
Result: ERROR
    Installation failed.
Flavor: r-release-macos-x86_64