CRAN Package Check Results for Package MetaCycle

Last updated on 2019-08-22 00:51:16 CEST.

Flavor Version Tinstall Tcheck Ttotal Status Flags
r-devel-linux-x86_64-debian-clang 1.2.0 7.91 77.91 85.82 NOTE
r-devel-linux-x86_64-debian-gcc 1.2.0 8.59 59.75 68.34 NOTE
r-devel-linux-x86_64-fedora-clang 1.2.0 105.10 NOTE
r-devel-linux-x86_64-fedora-gcc 1.2.0 95.34 NOTE
r-devel-windows-ix86+x86_64 1.2.0 24.00 114.00 138.00 OK
r-patched-linux-x86_64 1.2.0 7.71 78.53 86.24 OK
r-patched-solaris-x86 1.2.0 152.40 OK
r-release-linux-x86_64 1.2.0 7.75 76.75 84.50 OK
r-release-windows-ix86+x86_64 1.2.0 21.00 109.00 130.00 OK
r-release-osx-x86_64 1.2.0 OK
r-oldrel-windows-ix86+x86_64 1.2.0 14.00 114.00 128.00 OK
r-oldrel-osx-x86_64 1.2.0 OK

Check Details

Version: 1.2.0
Check: for non-standard things in the check directory
Result: NOTE
    Found the following files/directories:
     'cycHumanBloodData.csv' 'cycHumanBloodDesign.csv'
     'cycMouseLiverProtein.txt' 'cycMouseLiverRNA.csv' 'cycSimu4h2d.csv'
     'cycYeastCycle.csv' 'example'
Flavors: r-devel-linux-x86_64-debian-clang, r-devel-linux-x86_64-debian-gcc, r-devel-linux-x86_64-fedora-clang, r-devel-linux-x86_64-fedora-gcc