CRAN Package Check Results for Package MetaIntegration

Last updated on 2021-11-29 14:28:32 CET.

Flavor Version Tinstall Tcheck Ttotal Status Flags
r-devel-linux-x86_64-debian-clang 0.1.2 2.91 41.31 44.22 NOTE
r-devel-linux-x86_64-debian-gcc 0.1.2 2.21 30.40 32.61 NOTE
r-devel-linux-x86_64-fedora-clang 0.1.2 66.33 NOTE
r-devel-linux-x86_64-fedora-gcc 0.1.2 55.02 NOTE
r-devel-windows-x86_64-new-UL 0.1.2 9.00 80.00 89.00 NOTE
r-devel-windows-x86_64-new-TK 0.1.2 NOTE
r-devel-windows-x86_64-old 0.1.2 5.00 44.00 49.00 NOTE
r-patched-linux-x86_64 0.1.2 3.74 38.85 42.59 NOTE
r-patched-solaris-x86 0.1.2 73.40 NOTE
r-release-linux-x86_64 0.1.2 3.48 39.84 43.32 NOTE
r-release-macos-arm64 0.1.2 NOTE
r-release-macos-x86_64 0.1.2 NOTE
r-release-windows-ix86+x86_64 0.1.2 12.00 60.00 72.00 NOTE
r-oldrel-macos-x86_64 0.1.2 NOTE
r-oldrel-windows-ix86+x86_64 0.1.2 5.00 52.00 57.00 OK

Check Details

Version: 0.1.2
Check: LazyData
Result: NOTE
     'LazyData' is specified without a 'data' directory
Flavors: r-devel-linux-x86_64-debian-clang, r-devel-linux-x86_64-debian-gcc, r-devel-linux-x86_64-fedora-clang, r-devel-linux-x86_64-fedora-gcc, r-devel-windows-x86_64-new-UL, r-devel-windows-x86_64-new-TK, r-devel-windows-x86_64-old, r-patched-linux-x86_64, r-patched-solaris-x86, r-release-linux-x86_64, r-release-macos-arm64, r-release-macos-x86_64, r-release-windows-ix86+x86_64

Version: 0.1.2
Check: dependencies in R code
Result: NOTE
    Namespace in Imports field not imported from: ‘knitr’
     All declared Imports should be used.
Flavors: r-devel-linux-x86_64-fedora-clang, r-devel-linux-x86_64-fedora-gcc, r-devel-windows-x86_64-new-TK, r-patched-solaris-x86, r-release-macos-arm64, r-release-macos-x86_64, r-oldrel-macos-x86_64