CRAN Package Check Results for Package MetaStan

Last updated on 2021-10-26 10:49:54 CEST.

Flavor Version Tinstall Tcheck Ttotal Status Flags
r-devel-linux-x86_64-debian-clang 0.4.0 802.38 152.41 954.79 NOTE
r-devel-linux-x86_64-debian-gcc 0.4.0 708.25 149.44 857.69 NOTE
r-devel-linux-x86_64-fedora-clang 0.4.0 1570.33 NOTE
r-devel-linux-x86_64-fedora-gcc 0.4.0 1582.60 NOTE
r-devel-windows-x86_64 0.4.0 956.00 252.00 1208.00 NOTE
r-devel-windows-x86_64-gcc10-UCRT 0.4.0 NOTE
r-patched-linux-x86_64 0.4.0 791.36 187.35 978.71 NOTE
r-patched-solaris-x86 0.4.0 1359.70 NOTE
r-release-linux-x86_64 0.4.0 781.99 187.82 969.81 NOTE
r-release-macos-arm64 0.4.0 NOTE
r-release-macos-x86_64 0.4.0 NOTE
r-release-windows-ix86+x86_64 0.4.0 1386.00 364.00 1750.00 NOTE
r-oldrel-macos-x86_64 0.4.0 NOTE
r-oldrel-windows-ix86+x86_64 0.4.0 360.00 8.00 368.00 ERROR

Check Details

Version: 0.4.0
Check: for GNU extensions in Makefiles
Result: NOTE
    GNU make is a SystemRequirements.
Flavors: r-devel-linux-x86_64-debian-clang, r-devel-linux-x86_64-debian-gcc, r-devel-linux-x86_64-fedora-clang, r-devel-linux-x86_64-fedora-gcc, r-devel-windows-x86_64, r-devel-windows-x86_64-gcc10-UCRT, r-patched-linux-x86_64, r-patched-solaris-x86, r-release-linux-x86_64, r-release-macos-arm64, r-release-macos-x86_64, r-release-windows-ix86+x86_64, r-oldrel-macos-x86_64

Version: 0.4.0
Check: installed package size
Result: NOTE
     installed size is 101.6Mb
     sub-directories of 1Mb or more:
     libs 101.2Mb
Flavors: r-devel-linux-x86_64-fedora-clang, r-devel-windows-x86_64, r-patched-solaris-x86, r-release-macos-arm64, r-release-macos-x86_64, r-release-windows-ix86+x86_64, r-oldrel-macos-x86_64

Version: 0.4.0
Check: line endings in C/C++/Fortran sources/headers
Result: NOTE
    Found the following sources/headers with CR or CRLF line endings:
     src/stan_files/AB_Emax.hpp
     src/stan_files/BNHM_Higgins.hpp
     src/stan_files/BNHM_Smith.hpp
     src/stan_files/Baseline_Emax.hpp
     src/stan_files/Beta_binomial.hpp
     src/stan_files/CBPlusBaseline_Emax.hpp
     src/stan_files/CB_Emax.hpp
     src/stan_files/Fix_Eff.hpp
    Some Unix compilers require LF line endings.
Flavor: r-devel-windows-x86_64-gcc10-UCRT

Version: 0.4.0
Check: whether package can be installed
Result: ERROR
    Installation failed.
Flavor: r-oldrel-windows-ix86+x86_64