CRAN Package Check Results for Package MetaUtility

Last updated on 2022-01-25 06:48:40 CET.

Flavor Version Tinstall Tcheck Ttotal Status Flags
r-devel-linux-x86_64-debian-clang 2.1.2 13.32 116.07 129.39 OK
r-devel-linux-x86_64-debian-gcc 2.1.2 12.66 97.92 110.58 OK
r-devel-linux-x86_64-fedora-clang 2.1.2 155.37 NOTE
r-devel-linux-x86_64-fedora-gcc 2.1.2 147.45 NOTE
r-devel-windows-x86_64-new-UL 2.1.2 90.00 130.00 220.00 OK
r-devel-windows-x86_64-new-TK 2.1.2 NOTE
r-patched-linux-x86_64 2.1.2 12.93 108.17 121.10 OK
r-release-linux-x86_64 2.1.2 11.30 110.84 122.14 OK
r-release-macos-arm64 2.1.2 NOTE
r-release-macos-x86_64 2.1.2 NOTE
r-release-windows-ix86+x86_64 2.1.2 29.00 131.00 160.00 OK
r-oldrel-macos-x86_64 2.1.2 NOTE
r-oldrel-windows-ix86+x86_64 2.1.2 29.00 129.00 158.00 OK

Check Details

Version: 2.1.2
Check: dependencies in R code
Result: NOTE
    Namespace in Imports field not imported from: ‘metadat’
     All declared Imports should be used.
Flavors: r-devel-linux-x86_64-fedora-clang, r-devel-linux-x86_64-fedora-gcc, r-devel-windows-x86_64-new-TK, r-release-macos-arm64, r-release-macos-x86_64, r-oldrel-macos-x86_64