CRAN Package Check Results for Package MetabolomicsBasics

Last updated on 2019-06-19 10:47:57 CEST.

Flavor Version Tinstall Tcheck Ttotal Status Flags
r-devel-linux-x86_64-debian-clang 1.1 14.03 131.67 145.70 OK
r-devel-linux-x86_64-debian-gcc 1.1 11.90 104.00 115.90 OK
r-devel-linux-x86_64-fedora-clang 1.1 172.59 OK
r-devel-linux-x86_64-fedora-gcc 1.1 164.12 OK
r-devel-windows-ix86+x86_64 1.1 47.00 183.00 230.00 OK
r-patched-linux-x86_64 1.1 13.58 126.99 140.57 OK
r-patched-solaris-x86 1.1 277.10 OK
r-release-linux-x86_64 1.1 13.00 126.36 139.36 OK
r-release-windows-ix86+x86_64 1.1 62.00 183.00 245.00 OK
r-release-osx-x86_64 1.1 ERROR
r-oldrel-windows-ix86+x86_64 1.1 19.00 195.00 214.00 OK
r-oldrel-osx-x86_64 1.1 OK

Check Details

Version: 1.1
Check: package dependencies
Result: ERROR
    Packages required but not available: 'mixOmics', 'pcaMethods', 'ropls'
    
    See section ‘The DESCRIPTION file’ in the ‘Writing R Extensions’
    manual.
Flavor: r-release-osx-x86_64