CRAN Package Check Results for Package MetabolomicsBasics

Last updated on 2019-09-23 13:46:23 CEST.

Flavor Version Tinstall Tcheck Ttotal Status Flags
r-devel-linux-x86_64-debian-clang 1.1 14.42 132.96 147.38 OK
r-devel-linux-x86_64-debian-gcc 1.1 12.71 99.65 112.36 OK
r-devel-linux-x86_64-fedora-clang 1.1 176.71 OK
r-devel-linux-x86_64-fedora-gcc 1.1 173.87 OK
r-devel-windows-ix86+x86_64 1.1 37.00 204.00 241.00 OK
r-patched-linux-x86_64 1.1 13.53 127.81 141.34 OK
r-patched-solaris-x86 1.1 276.90 OK
r-release-linux-x86_64 1.1 14.76 127.50 142.26 OK
r-release-windows-ix86+x86_64 1.1 58.00 200.00 258.00 OK
r-release-osx-x86_64 1.1 ERROR
r-oldrel-windows-ix86+x86_64 1.1 18.00 140.00 158.00 OK
r-oldrel-osx-x86_64 1.1 OK

Check Details

Version: 1.1
Check: package dependencies
Result: ERROR
    Packages required but not available: 'mixOmics', 'pcaMethods', 'ropls'
    
    See section ‘The DESCRIPTION file’ in the ‘Writing R Extensions’
    manual.
Flavor: r-release-osx-x86_64