Last updated on 2022-06-27 16:51:59 CEST.
Flavor | Version | Tinstall | Tcheck | Ttotal | Status | Flags |
---|---|---|---|---|---|---|
r-devel-linux-x86_64-debian-clang | 1.0 | 32.83 | 26.62 | 59.45 | OK | |
r-devel-linux-x86_64-debian-gcc | 1.0 | 25.91 | 20.97 | 46.88 | OK | |
r-devel-linux-x86_64-fedora-clang | 1.0 | 94.68 | NOTE | |||
r-devel-linux-x86_64-fedora-gcc | 1.0 | 86.92 | NOTE | |||
r-devel-windows-x86_64 | 1.0 | 35.00 | 70.00 | 105.00 | OK | |
r-patched-linux-x86_64 | 1.0 | 26.98 | 26.27 | 53.25 | OK | |
r-release-linux-x86_64 | 1.0 | 25.60 | 26.34 | 51.94 | OK | |
r-release-macos-arm64 | 1.0 | 25.00 | OK | |||
r-release-macos-x86_64 | 1.0 | 31.00 | OK | |||
r-release-windows-x86_64 | 1.0 | 36.00 | 72.00 | 108.00 | OK | |
r-oldrel-macos-arm64 | 1.0 | 30.00 | OK | |||
r-oldrel-macos-x86_64 | 1.0 | 53.00 | OK | |||
r-oldrel-windows-ix86+x86_64 | 1.0 | 80.00 | 74.00 | 154.00 | OK |
Version: 1.0
Check: compiled code
Result: NOTE
File ‘MetaheuristicFPA/libs/MetaheuristicFPA.so’:
Found no calls to: ‘R_registerRoutines’, ‘R_useDynamicSymbols’
It is good practice to register native routines and to disable symbol
search.
See ‘Writing portable packages’ in the ‘Writing R Extensions’ manual.
Flavors: r-devel-linux-x86_64-fedora-clang, r-devel-linux-x86_64-fedora-gcc