CRAN Package Check Results for Package MexBrewer

Last updated on 2023-06-03 11:53:15 CEST.

Flavor Version Tinstall Tcheck Ttotal Status Flags
r-devel-linux-x86_64-debian-clang 0.0.2 5.09 46.57 51.66 OK
r-devel-linux-x86_64-debian-gcc 0.0.2 4.75 35.93 40.68 OK
r-devel-linux-x86_64-fedora-clang 0.0.2 66.15 NOTE
r-devel-linux-x86_64-fedora-gcc 0.0.2 69.00 NOTE
r-devel-windows-x86_64 0.0.2 7.00 57.00 64.00 OK
r-patched-linux-x86_64 0.0.2 OK
r-release-linux-x86_64 0.0.2 4.48 43.30 47.78 OK
r-release-macos-arm64 0.0.2 24.00 OK
r-release-macos-x86_64 0.0.2 33.00 OK
r-release-windows-x86_64 0.0.2 9.00 62.00 71.00 OK
r-oldrel-macos-arm64 0.0.2 24.00 OK
r-oldrel-macos-x86_64 0.0.2 37.00 OK
r-oldrel-windows-x86_64 0.0.2 8.00 63.00 71.00 OK

Check Details

Version: 0.0.2
Check: data for non-ASCII characters
Result: NOTE
     Note: found 7 marked Latin-1 strings
     Note: found 14 marked UTF-8 strings
Flavors: r-devel-linux-x86_64-fedora-clang, r-devel-linux-x86_64-fedora-gcc