Last updated on 2022-06-25 03:51:02 CEST.
Flavor | Version | Tinstall | Tcheck | Ttotal | Status | Flags |
---|---|---|---|---|---|---|
r-devel-linux-x86_64-debian-clang | 1.0 | 43.70 | 142.15 | 185.85 | OK | |
r-devel-linux-x86_64-debian-gcc | 1.0 | 36.13 | 104.12 | 140.25 | OK | |
r-devel-linux-x86_64-fedora-clang | 1.0 | 258.79 | NOTE | |||
r-devel-linux-x86_64-fedora-gcc | 1.0 | 232.87 | NOTE | |||
r-devel-windows-x86_64 | 1.0 | 41.00 | 183.00 | 224.00 | OK | |
r-patched-linux-x86_64 | 1.0 | 39.18 | 132.70 | 171.88 | OK | |
r-release-linux-x86_64 | 1.0 | 42.16 | 134.21 | 176.37 | OK | |
r-release-macos-arm64 | 1.0 | 63.00 | OK | |||
r-release-macos-x86_64 | 1.0 | 103.00 | OK | |||
r-release-windows-x86_64 | 1.0 | 46.00 | 175.00 | 221.00 | OK | |
r-oldrel-macos-arm64 | 1.0 | 60.00 | OK | |||
r-oldrel-macos-x86_64 | 1.0 | 118.00 | OK | |||
r-oldrel-windows-ix86+x86_64 | 1.0 | 110.00 | 217.00 | 327.00 | OK |
Version: 1.0
Check: compiled code
Result: NOTE
File ‘MiSPU/libs/MiSPU.so’:
Found no calls to: ‘R_registerRoutines’, ‘R_useDynamicSymbols’
It is good practice to register native routines and to disable symbol
search.
See ‘Writing portable packages’ in the ‘Writing R Extensions’ manual.
Flavors: r-devel-linux-x86_64-fedora-clang, r-devel-linux-x86_64-fedora-gcc