CRAN Package Check Results for Package MiSPU

Last updated on 2021-10-20 11:52:52 CEST.

Flavor Version Tinstall Tcheck Ttotal Status Flags
r-devel-linux-x86_64-debian-clang 1.0 40.20 121.78 161.98 OK
r-devel-linux-x86_64-debian-gcc 1.0 32.91 89.78 122.69 OK
r-devel-linux-x86_64-fedora-clang 1.0 216.34 NOTE
r-devel-linux-x86_64-fedora-gcc 1.0 197.22 NOTE
r-devel-windows-x86_64 1.0 57.00 161.00 218.00 OK
r-devel-windows-x86_64-gcc10-UCRT 1.0 OK
r-patched-linux-x86_64 1.0 37.69 114.20 151.89 OK
r-patched-solaris-x86 1.0 265.10 OK
r-release-linux-x86_64 1.0 39.18 113.75 152.93 OK
r-release-macos-arm64 1.0 OK
r-release-macos-x86_64 1.0 OK
r-release-windows-ix86+x86_64 1.0 80.00 227.00 307.00 OK
r-oldrel-macos-x86_64 1.0 OK
r-oldrel-windows-ix86+x86_64 1.0 106.00 217.00 323.00 OK

Check Details

Version: 1.0
Check: compiled code
Result: NOTE
    File ‘MiSPU/libs/MiSPU.so’:
     Found no calls to: ‘R_registerRoutines’, ‘R_useDynamicSymbols’
    
    It is good practice to register native routines and to disable symbol
    search.
    
    See ‘Writing portable packages’ in the ‘Writing R Extensions’ manual.
Flavors: r-devel-linux-x86_64-fedora-clang, r-devel-linux-x86_64-fedora-gcc