CRAN Package Check Results for Package MicSim

Last updated on 2019-03-23 23:53:55 CET.

Flavor Version Tinstall Tcheck Ttotal Status Flags
r-devel-linux-x86_64-debian-clang 1.0.13 3.05 22.91 25.96 OK
r-devel-linux-x86_64-debian-gcc 1.0.13 2.13 18.02 20.15 OK
r-devel-linux-x86_64-fedora-clang 1.0.13 31.00 OK
r-devel-linux-x86_64-fedora-gcc 1.0.13 30.14 OK
r-devel-windows-ix86+x86_64 1.0.13 9.00 38.00 47.00 OK
r-patched-linux-x86_64 1.0.13 2.26 22.00 24.26 OK
r-patched-solaris-x86 1.0.13 43.00 OK
r-release-linux-x86_64 1.0.13 0.26 1.99 2.25 ERROR
r-release-windows-ix86+x86_64 1.0.13 4.00 35.00 39.00 OK
r-release-osx-x86_64 1.0.13 OK
r-oldrel-windows-ix86+x86_64 1.0.13 3.00 50.00 53.00 OK
r-oldrel-osx-x86_64 1.0.13 OK

Check Details

Version: 1.0.13
Check: whether package can be installed
Result: ERROR
    Installation failed.
Flavor: r-release-linux-x86_64