CRAN Package Check Results for Package MicSim

Last updated on 2021-10-28 16:50:29 CEST.

Flavor Version Tinstall Tcheck Ttotal Status Flags
r-devel-linux-x86_64-debian-clang 1.0.15 2.75 26.41 29.16 NOTE
r-devel-linux-x86_64-debian-gcc 1.0.15 2.37 20.92 23.29 NOTE
r-devel-linux-x86_64-fedora-clang 1.0.15 48.87 NOTE
r-devel-linux-x86_64-fedora-gcc 1.0.15 36.42 NOTE
r-devel-windows-x86_64 1.0.15 6.00 53.00 59.00 NOTE
r-devel-windows-x86_64-gcc10-UCRT 1.0.15 NOTE
r-patched-linux-x86_64 1.0.15 3.30 26.22 29.52 NOTE
r-patched-solaris-x86 1.0.15 56.20 NOTE
r-release-linux-x86_64 1.0.15 2.81 26.24 29.05 NOTE
r-release-macos-arm64 1.0.15 NOTE
r-release-macos-x86_64 1.0.15 NOTE
r-release-windows-ix86+x86_64 1.0.15 6.00 42.00 48.00 NOTE
r-oldrel-macos-x86_64 1.0.15 OK
r-oldrel-windows-ix86+x86_64 1.0.15 5.00 45.00 50.00 OK

Check Details

Version: 1.0.15
Check: LazyData
Result: NOTE
     'LazyData' is specified without a 'data' directory
Flavors: r-devel-linux-x86_64-debian-clang, r-devel-linux-x86_64-debian-gcc, r-devel-linux-x86_64-fedora-clang, r-devel-linux-x86_64-fedora-gcc, r-devel-windows-x86_64, r-devel-windows-x86_64-gcc10-UCRT, r-patched-linux-x86_64, r-patched-solaris-x86, r-release-linux-x86_64, r-release-macos-arm64, r-release-macos-x86_64, r-release-windows-ix86+x86_64