CRAN Package Check Results for Package MigrationDetectR

Last updated on 2024-04-21 19:55:33 CEST.

Flavor Version Tinstall Tcheck Ttotal Status Flags
r-devel-linux-x86_64-debian-clang 0.1.1 7.80 54.35 62.15 OK
r-devel-linux-x86_64-debian-gcc 0.1.1 5.18 41.84 47.02 OK
r-devel-linux-x86_64-fedora-clang 0.1.1 78.21 NOTE
r-devel-linux-x86_64-fedora-gcc 0.1.1 78.14 NOTE
r-prerel-macos-arm64 0.1.1 27.00 OK
r-prerel-windows-x86_64 0.1.1 7.00 59.00 66.00 OK
r-patched-linux-x86_64 0.1.1 5.96 53.79 59.75 OK
r-release-linux-x86_64 0.1.1 4.09 52.52 56.61 OK
r-release-macos-arm64 0.1.1 26.00 OK
r-release-macos-x86_64 0.1.1 50.00 OK
r-release-windows-x86_64 0.1.1 9.00 76.00 85.00 OK
r-oldrel-macos-arm64 0.1.1 34.00 OK
r-oldrel-windows-x86_64 0.1.1 8.00 82.00 90.00 OK

Check Details

Version: 0.1.1
Check: dependencies in R code
Result: NOTE Namespace in Imports field not imported from: ‘lifecycle’ All declared Imports should be used. Flavors: r-devel-linux-x86_64-fedora-clang, r-devel-linux-x86_64-fedora-gcc