CRAN Package Check Results for Package MinEDfind

Last updated on 2021-12-03 14:52:26 CET.

Flavor Version Tinstall Tcheck Ttotal Status Flags
r-devel-linux-x86_64-debian-clang 0.1.3 5.22 53.00 58.22 NOTE
r-devel-linux-x86_64-debian-gcc 0.1.3 3.67 39.62 43.29 NOTE
r-devel-linux-x86_64-fedora-clang 0.1.3 85.52 NOTE
r-devel-linux-x86_64-fedora-gcc 0.1.3 70.39 NOTE
r-devel-windows-x86_64-new-UL 0.1.3 12.00 85.00 97.00 NOTE
r-devel-windows-x86_64-new-TK 0.1.3 NOTE
r-devel-windows-x86_64-old 0.1.3 10.00 58.00 68.00 NOTE
r-patched-linux-x86_64 0.1.3 4.70 48.20 52.90 NOTE
r-release-linux-x86_64 0.1.3 4.92 48.72 53.64 NOTE
r-release-macos-arm64 0.1.3 NOTE
r-release-macos-x86_64 0.1.3 NOTE
r-release-windows-ix86+x86_64 0.1.3 14.00 74.00 88.00 NOTE
r-oldrel-macos-x86_64 0.1.3 OK
r-oldrel-windows-ix86+x86_64 0.1.3 14.00 83.00 97.00 OK

Check Details

Version: 0.1.3
Check: LazyData
Result: NOTE
     'LazyData' is specified without a 'data' directory
Flavors: r-devel-linux-x86_64-debian-clang, r-devel-linux-x86_64-debian-gcc, r-devel-linux-x86_64-fedora-clang, r-devel-linux-x86_64-fedora-gcc, r-devel-windows-x86_64-new-UL, r-devel-windows-x86_64-new-TK, r-devel-windows-x86_64-old, r-patched-linux-x86_64, r-release-linux-x86_64, r-release-macos-arm64, r-release-macos-x86_64, r-release-windows-ix86+x86_64