CRAN Package Check Results for Package Miso

Last updated on 2019-05-24 12:51:51 CEST.

Flavor Version Tinstall Tcheck Ttotal Status Flags
r-devel-linux-x86_64-debian-clang 0.2.1 35.60 248.68 284.28 OK
r-devel-linux-x86_64-debian-gcc 0.2.1 28.03 194.33 222.36 OK
r-devel-linux-x86_64-fedora-clang 0.2.1 1.90 ERROR
r-devel-linux-x86_64-fedora-gcc 0.2.1 325.41 OK
r-devel-windows-ix86+x86_64 0.2.1 63.00 254.00 317.00 OK
r-patched-linux-x86_64 0.2.1 36.16 239.60 275.76 OK
r-patched-solaris-x86 0.2.1 3.60 ERROR
r-release-linux-x86_64 0.2.1 34.02 241.65 275.67 OK
r-release-windows-ix86+x86_64 0.2.1 84.00 252.00 336.00 OK
r-release-osx-x86_64 0.2.1 ERROR
r-oldrel-windows-ix86+x86_64 0.2.1 42.00 242.00 284.00 OK
r-oldrel-osx-x86_64 0.2.1 ERROR

Check Details

Version: 0.2.1
Check: package dependencies
Result: ERROR
    Package required but not available: ‘xcms’
    
    See section ‘The DESCRIPTION file’ in the ‘Writing R Extensions’
    manual.
Flavors: r-devel-linux-x86_64-fedora-clang, r-patched-solaris-x86, r-release-osx-x86_64, r-oldrel-osx-x86_64