CRAN Package Check Results for Package Miso

Last updated on 2019-03-25 06:47:19 CET.

Flavor Version Tinstall Tcheck Ttotal Status Flags
r-devel-linux-x86_64-debian-clang 0.2.1 35.33 240.59 275.92 OK
r-devel-linux-x86_64-debian-gcc 0.2.1 30.70 189.83 220.53 OK
r-devel-linux-x86_64-fedora-clang 0.2.1 1.91 ERROR
r-devel-linux-x86_64-fedora-gcc 0.2.1 OK
r-devel-windows-ix86+x86_64 0.2.1 88.00 249.00 337.00 OK
r-patched-linux-x86_64 0.2.1 15.84 224.12 239.96 OK
r-patched-solaris-x86 0.2.1 3.50 ERROR
r-release-linux-x86_64 0.2.1 16.28 224.31 240.59 OK
r-release-windows-ix86+x86_64 0.2.1 33.00 253.00 286.00 OK
r-release-osx-x86_64 0.2.1 ERROR
r-oldrel-windows-ix86+x86_64 0.2.1 31.00 321.00 352.00 OK
r-oldrel-osx-x86_64 0.2.1 ERROR

Check Details

Version: 0.2.1
Check: package dependencies
Result: ERROR
    Package required but not available: ‘xcms’
    
    See section ‘The DESCRIPTION file’ in the ‘Writing R Extensions’
    manual.
Flavors: r-devel-linux-x86_64-fedora-clang, r-patched-solaris-x86, r-release-osx-x86_64

Version: 0.2.1
Check: whether package can be installed
Result: ERROR
    Installation failed.
Flavor: r-oldrel-osx-x86_64