CRAN Package Check Results for Package MixTwice

Last updated on 2021-10-28 12:59:23 CEST.

Flavor Version Tinstall Tcheck Ttotal Status Flags
r-devel-linux-x86_64-debian-clang 1.1 2.45 29.13 31.58 OK
r-devel-linux-x86_64-debian-gcc 1.1 1.94 22.96 24.90 OK
r-devel-linux-x86_64-fedora-clang 1.1 50.71 NOTE
r-devel-linux-x86_64-fedora-gcc 1.1 38.22 NOTE
r-devel-windows-x86_64 1.1 4.00 51.00 55.00 OK
r-devel-windows-x86_64-gcc10-UCRT 1.1 NOTE
r-patched-linux-x86_64 1.1 2.43 28.35 30.78 OK
r-patched-solaris-x86 1.1 62.60 NOTE
r-release-linux-x86_64 1.1 2.43 28.27 30.70 OK
r-release-macos-arm64 1.1 NOTE
r-release-macos-x86_64 1.1 NOTE
r-release-windows-ix86+x86_64 1.1 4.00 56.00 60.00 OK
r-oldrel-macos-x86_64 1.1 NOTE
r-oldrel-windows-ix86+x86_64 1.1 4.00 45.00 49.00 OK

Check Details

Version: 1.1
Check: dependencies in R code
Result: NOTE
    Namespaces in Imports field not imported from:
     ‘ashr’ ‘fdrtool’
     All declared Imports should be used.
Flavors: r-devel-linux-x86_64-fedora-clang, r-devel-linux-x86_64-fedora-gcc, r-devel-windows-x86_64-gcc10-UCRT, r-patched-solaris-x86, r-release-macos-arm64, r-release-macos-x86_64, r-oldrel-macos-x86_64