CRAN Package Check Results for Package MixedPoisson

Last updated on 2020-07-13 14:48:07 CEST.

Flavor Version Tinstall Tcheck Ttotal Status Flags
r-devel-linux-x86_64-debian-clang 2.0 3.96 48.97 52.93 OK
r-devel-linux-x86_64-debian-gcc 2.0 3.86 37.02 40.88 OK
r-devel-linux-x86_64-fedora-clang 2.0 78.24 OK
r-devel-linux-x86_64-fedora-gcc 2.0 67.71 OK
r-devel-windows-ix86+x86_64 2.0 14.00 81.00 95.00 OK
r-patched-linux-x86_64 2.0 4.76 48.75 53.51 OK
r-patched-solaris-x86 2.0 88.20 OK
r-release-linux-x86_64 2.0 4.39 48.34 52.73 OK
r-release-macos-x86_64 2.0 FAIL
r-release-windows-ix86+x86_64 2.0 14.00 61.00 75.00 OK
r-oldrel-macos-x86_64 2.0 OK
r-oldrel-windows-ix86+x86_64 2.0 13.00 78.00 91.00 OK

Check Details

Version: 2.0
Check: DESCRIPTION meta-information
Result: FAIL
Flavor: r-release-macos-x86_64