CRAN Package Check Results for Package MoTBFs

Last updated on 2024-06-13 17:49:18 CEST.

Flavor Version Tinstall Tcheck Ttotal Status Flags
r-devel-linux-x86_64-debian-clang 1.4.1 14.35 176.75 191.10 OK
r-devel-linux-x86_64-debian-gcc 1.4.1 0.30 1.69 1.99 ERROR
r-devel-linux-x86_64-fedora-clang 1.4.1 230.22 OK
r-devel-linux-x86_64-fedora-gcc 1.4.1 223.37 OK
r-devel-windows-x86_64 1.4.1 14.00 158.00 172.00 OK
r-patched-linux-x86_64 1.4.1 18.43 168.07 186.50 OK
r-release-linux-x86_64 1.4.1 12.85 164.15 177.00 OK
r-release-macos-arm64 1.4.1 62.00 OK
r-release-macos-x86_64 1.4.1 95.00 OK
r-release-windows-x86_64 1.4.1 14.00 157.00 171.00 OK
r-oldrel-macos-arm64 1.4.1 64.00 OK
r-oldrel-macos-x86_64 1.4.1 103.00 OK
r-oldrel-windows-x86_64 1.4.1 18.00 190.00 208.00 OK

Check Details

Version: 1.4.1
Check: package dependencies
Result: ERROR Package required but not available: ‘ggm’ See section ‘The DESCRIPTION file’ in the ‘Writing R Extensions’ manual. Flavor: r-devel-linux-x86_64-debian-gcc