CRAN Package Check Results for Package ModelMap

Last updated on 2021-09-19 11:50:06 CEST.

Flavor Version Tinstall Tcheck Ttotal Status Flags
r-devel-linux-x86_64-debian-clang 3.4.0.1 23.07 205.62 228.69 NOTE --no-vignettes
r-devel-linux-x86_64-debian-gcc 3.4.0.1 19.86 151.23 171.09 NOTE --no-vignettes
r-devel-linux-x86_64-fedora-clang 3.4.0.1 684.23 NOTE
r-devel-linux-x86_64-fedora-gcc 3.4.0.1 682.19 NOTE
r-devel-windows-x86_64 3.4.0.1 25.00 506.00 531.00 OK
r-devel-windows-x86_64-gcc10-UCRT 3.4.0.1 ERROR --no-vignettes
r-patched-linux-x86_64 3.4.0.1 25.63 192.42 218.05 NOTE --no-vignettes
r-patched-solaris-x86 3.4.0.1 1138.40 NOTE
r-release-linux-x86_64 3.4.0.1 22.91 192.24 215.15 NOTE --no-vignettes
r-release-macos-arm64 3.4.0.1 OK
r-release-macos-x86_64 3.4.0.1 OK
r-release-windows-ix86+x86_64 3.4.0.1 50.00 628.00 678.00 OK
r-oldrel-macos-x86_64 3.4.0.1 OK
r-oldrel-windows-ix86+x86_64 3.4.0.1 49.00 629.00 678.00 OK

Check Details

Version: 3.4.0.1
Flags: --no-vignettes
Check: for non-standard things in the check directory
Result: NOTE
    Found the following files/directories:
     'BIO_TCandNLCD_NLCD.jpg' 'BIO_TCandNLCD_TCB.jpg'
     'BIO_TCandNLCD_TCG.jpg' 'BIO_TCandNLCD_TCW.jpg'
     'BIO_TCandNLCD_corrplot.jpg' 'BIO_TCandNLCD_mask_all_predictors.jpg'
     'BIO_TCandNLCD_projections.txt' 'RF_BIO_TCandNLCD_01.img'
     'RF_BIO_TCandNLCD_01.img.aux.xml'
     'RF_BIO_TCandNLCD_01_mapmake_arguments.txt'
     'RF_BIO_TCandNLCD_01_projections.txt' 'RF_BIO_TCandNLCD_OOB.csv'
     'RF_BIO_TCandNLCD_OOB_corrplot.jpg'
     'RF_BIO_TCandNLCD_OOB_corrplot.pdf' 'RF_BIO_TCandNLCD_OOB_error.jpg'
     'RF_BIO_TCandNLCD_OOB_error.pdf'
     'RF_BIO_TCandNLCD_OOB_importance.jpg'
     'RF_BIO_TCandNLCD_OOB_importance.pdf'
     'RF_BIO_TCandNLCD_OOB_scatterplot.jpg'
     'RF_BIO_TCandNLCD_OOB_scatterplot.pdf'
     'RF_BIO_TCandNLCD_model_building_arguments.txt'
     'RF_Bio_TC_model_building_arguments.txt' 'example.test.csv'
     'example.train.csv'
Flavors: r-devel-linux-x86_64-debian-clang, r-devel-linux-x86_64-debian-gcc, r-patched-linux-x86_64, r-release-linux-x86_64

Version: 3.4.0.1
Check: for non-standard things in the check directory
Result: NOTE
    Found the following files/directories:
     ‘BIO_TCandNLCD_NLCD.jpg’ ‘BIO_TCandNLCD_TCB.jpg’
     ‘BIO_TCandNLCD_TCG.jpg’ ‘BIO_TCandNLCD_TCW.jpg’
     ‘BIO_TCandNLCD_corrplot.jpg’ ‘BIO_TCandNLCD_mask_all_predictors.jpg’
     ‘BIO_TCandNLCD_projections.txt’ ‘RF_BIO_TCandNLCD_01.img’
     ‘RF_BIO_TCandNLCD_01.img.aux.xml’
     ‘RF_BIO_TCandNLCD_01_mapmake_arguments.txt’
     ‘RF_BIO_TCandNLCD_01_projections.txt’ ‘RF_BIO_TCandNLCD_OOB.csv’
     ‘RF_BIO_TCandNLCD_OOB_corrplot.jpg’
     ‘RF_BIO_TCandNLCD_OOB_corrplot.pdf’ ‘RF_BIO_TCandNLCD_OOB_error.jpg’
     ‘RF_BIO_TCandNLCD_OOB_error.pdf’
     ‘RF_BIO_TCandNLCD_OOB_importance.jpg’
     ‘RF_BIO_TCandNLCD_OOB_importance.pdf’
     ‘RF_BIO_TCandNLCD_OOB_scatterplot.jpg’
     ‘RF_BIO_TCandNLCD_OOB_scatterplot.pdf’
     ‘RF_BIO_TCandNLCD_model_building_arguments.txt’
     ‘RF_Bio_TC_model_building_arguments.txt’ ‘example.test.csv’
     ‘example.train.csv’
Flavors: r-devel-linux-x86_64-fedora-clang, r-devel-linux-x86_64-fedora-gcc, r-patched-solaris-x86

Version: 3.4.0.1
Flags: --no-vignettes
Check: whether package can be installed
Result: WARN
    Found the following significant warnings:
     WARNING: installation-time patches will not be applied, could not get the patches index
Flavor: r-devel-windows-x86_64-gcc10-UCRT

Version: 3.4.0.1
Flags: --no-vignettes
Check: PDF version of manual
Result: WARN
    LaTeX errors when creating PDF version.
    This typically indicates Rd problems.
Flavor: r-devel-windows-x86_64-gcc10-UCRT

Version: 3.4.0.1
Flags: --no-vignettes
Check: PDF version of manual without hyperrefs or index
Result: ERROR
    Re-running with no redirection of stdout/stderr.
Flavor: r-devel-windows-x86_64-gcc10-UCRT